{"id":8106,"date":"2025-01-10T10:33:16","date_gmt":"2025-01-10T13:33:16","guid":{"rendered":"https:\/\/toledo.ufpr.br\/medicinatoledo\/?page_id=8106"},"modified":"2026-01-15T15:43:54","modified_gmt":"2026-01-15T18:43:54","slug":"internato-medico","status":"publish","type":"page","link":"https:\/\/toledo.ufpr.br\/medicinatoledo\/internato-medico\/","title":{"rendered":"Internato M\u00e9dico"},"content":{"rendered":"\n<p>Corresponde ao<strong> Ciclo de Est\u00e1gio Curricular Obrigat\u00f3rio <\/strong>que ocorre do <strong>9\u00ba ao 12\u00ba<\/strong> per\u00edodo do curso.<\/p>\n\n\n\n<p>Para mais informa\u00e7\u00f5es, segue o contato: <a href=\"mailto:internatotoledo@ufpr.br\">internatotoledo@ufpr.br<\/a><\/p>\n\n\n\n<figure class=\"wp-block-table\"><table><tbody><tr><td class=\"has-text-align-center\" data-align=\"center\"><strong>Per\u00edodo<\/strong><\/td><td class=\"has-text-align-center\" data-align=\"center\"><strong>C\u00f3digo<\/strong><\/td><td class=\"has-text-align-center\" data-align=\"center\"><strong>Disciplina<\/strong><\/td><td class=\"has-text-align-center\" data-align=\"center\"><strong>CH Total<\/strong><\/td><td class=\"has-text-align-center\" data-align=\"center\"><strong>Semanas<\/strong><\/td><\/tr><tr><td class=\"has-text-align-center\" data-align=\"center\"><a href=\"https:\/\/toledo.ufpr.br\/medicinatoledo\/9o-periodo\/\">9\u00ba<\/a><\/td><td class=\"has-text-align-center\" data-align=\"center\">TLDM061&nbsp;<\/td><td class=\"has-text-align-center\" data-align=\"center\">Internato em <strong>Cl\u00ednica M\u00e9dica<\/strong><\/td><td class=\"has-text-align-center\" data-align=\"center\">400<\/td><td class=\"has-text-align-center\" data-align=\"center\">10<\/td><\/tr><tr><td class=\"has-text-align-center\" data-align=\"center\"><a href=\"https:\/\/toledo.ufpr.br\/medicinatoledo\/9o-periodo\/\">9\u00ba<\/a><\/td><td class=\"has-text-align-center\" data-align=\"center\">TLDM062&nbsp;<\/td><td class=\"has-text-align-center\" data-align=\"center\">Internato em <strong>Medicina Geral de Fam\u00edlia e Comunidade<\/strong><\/td><td class=\"has-text-align-center\" data-align=\"center\">400<\/td><td class=\"has-text-align-center\" data-align=\"center\">10<\/td><\/tr><tr><td class=\"has-text-align-center\" data-align=\"center\"><a href=\"https:\/\/toledo.ufpr.br\/medicinatoledo\/10o-periodo\/\">10\u00ba<\/a><\/td><td class=\"has-text-align-center\" data-align=\"center\">TLDM063&nbsp;<\/td><td class=\"has-text-align-center\" data-align=\"center\">Internato em <strong>Ginecologia e Obstetr\u00edcia<\/strong><\/td><td class=\"has-text-align-center\" data-align=\"center\">400<\/td><td class=\"has-text-align-center\" data-align=\"center\">10<\/td><\/tr><tr><td class=\"has-text-align-center\" data-align=\"center\"><a href=\"https:\/\/toledo.ufpr.br\/medicinatoledo\/10o-periodo\/\">10\u00ba<\/a><\/td><td class=\"has-text-align-center\" data-align=\"center\">TLDM064&nbsp;<\/td><td class=\"has-text-align-center\" data-align=\"center\">Internato em <strong>Sa\u00fade Mental e Sa\u00fade Coletiva<\/strong><\/td><td class=\"has-text-align-center\" data-align=\"center\">400<\/td><td class=\"has-text-align-center\" data-align=\"center\">10<\/td><\/tr><tr><td class=\"has-text-align-center\" data-align=\"center\"><a href=\"https:\/\/toledo.ufpr.br\/medicinatoledo\/11o-periodo\/\">11\u00ba<\/a><\/td><td class=\"has-text-align-center\" data-align=\"center\">TLDM066&nbsp;<\/td><td class=\"has-text-align-center\" data-align=\"center\">Internato em&nbsp;<strong>Cirurgia<\/strong><\/td><td class=\"has-text-align-center\" data-align=\"center\">400<\/td><td class=\"has-text-align-center\" data-align=\"center\">10<\/td><\/tr><tr><td class=\"has-text-align-center\" data-align=\"center\"><a href=\"https:\/\/toledo.ufpr.br\/medicinatoledo\/11o-periodo\/\">11\u00ba<\/a><\/td><td class=\"has-text-align-center\" data-align=\"center\">TLDM067&nbsp;<\/td><td class=\"has-text-align-center\" data-align=\"center\">Internato em&nbsp;<strong>Pediatria<\/strong><\/td><td class=\"has-text-align-center\" data-align=\"center\">400<\/td><td class=\"has-text-align-center\" data-align=\"center\">10<\/td><\/tr><tr><td class=\"has-text-align-center\" data-align=\"center\"><a href=\"https:\/\/toledo.ufpr.br\/medicinatoledo\/12o-periodo\/\">12\u00ba<\/a><\/td><td class=\"has-text-align-center\" data-align=\"center\">TLDM069&nbsp;<\/td><td class=\"has-text-align-center\" data-align=\"center\">Internato em <strong>Urg\u00eancias e Emerg\u00eancias<\/strong><\/td><td class=\"has-text-align-center\" data-align=\"center\">400<\/td><td class=\"has-text-align-center\" data-align=\"center\">10<\/td><\/tr><tr><td class=\"has-text-align-center\" data-align=\"center\"><a href=\"https:\/\/toledo.ufpr.br\/medicinatoledo\/estagio-obrigatorio-em-areas-optativas\/\">12\u00ba Op<\/a><\/td><td class=\"has-text-align-center\" data-align=\"center\">&#8230;<\/td><td class=\"has-text-align-center\" data-align=\"center\">Internato em <strong>\u00c1reas Optativas 1<\/strong><\/td><td class=\"has-text-align-center\" data-align=\"center\">200<\/td><td class=\"has-text-align-center\" data-align=\"center\">5<\/td><\/tr><tr><td class=\"has-text-align-center\" data-align=\"center\"><a href=\"https:\/\/toledo.ufpr.br\/medicinatoledo\/estagio-obrigatorio-em-areas-optativas\/\">12\u00ba Op<\/a><\/td><td class=\"has-text-align-center\" data-align=\"center\">&#8230;<\/td><td class=\"has-text-align-center\" data-align=\"center\">Internato em <strong>\u00c1reas Optativas 2<\/strong><\/td><td class=\"has-text-align-center\" data-align=\"center\">200<\/td><td class=\"has-text-align-center\" data-align=\"center\">5<\/td><\/tr><\/tbody><\/table><\/figure>\n\n\n\n<hr class=\"wp-block-separator has-alpha-channel-opacity\" \/>\n\n\n\n<p class=\"has-text-align-center\">Vagas de est\u00e1gio para <a href=\"https:\/\/toledo.ufpr.br\/medicinatoledo\/alunos-externos-a-ufpr\/\">Alunos de outras institui\u00e7\u00f5es de ensino (externos \u00e0 UFPR<\/a>)<\/p>\n\n\n\n<hr class=\"wp-block-separator has-alpha-channel-opacity\" \/>\n\n\n\n<p class=\"has-text-align-center\"><strong>DIVIS\u00d5ES DE GRUPOS<\/strong><\/p>\n\n\n\n<p class=\"has-text-align-center\"> <img loading=\"lazy\" decoding=\"async\" width=\"409\" height=\"397\" class=\"wp-image-8113\" style=\"width: 100px\" src=\"https:\/\/toledo.ufpr.br\/medicinatoledo\/wp-content\/uploads\/sites\/3\/2025\/01\/Grupo-A-1.png\" alt=\"\" srcset=\"https:\/\/toledo.ufpr.br\/medicinatoledo\/wp-content\/uploads\/sites\/3\/2025\/01\/Grupo-A-1.png 409w, https:\/\/toledo.ufpr.br\/medicinatoledo\/wp-content\/uploads\/sites\/3\/2025\/01\/Grupo-A-1-300x291.png 300w\" sizes=\"auto, (max-width: 409px) 100vw, 409px\" \/>                  <img loading=\"lazy\" decoding=\"async\" width=\"409\" height=\"397\" class=\"wp-image-8115\" style=\"width: 100px\" src=\"https:\/\/toledo.ufpr.br\/medicinatoledo\/wp-content\/uploads\/sites\/3\/2025\/01\/Grupo-B.png\" alt=\"\" srcset=\"https:\/\/toledo.ufpr.br\/medicinatoledo\/wp-content\/uploads\/sites\/3\/2025\/01\/Grupo-B.png 409w, https:\/\/toledo.ufpr.br\/medicinatoledo\/wp-content\/uploads\/sites\/3\/2025\/01\/Grupo-B-300x291.png 300w\" sizes=\"auto, (max-width: 409px) 100vw, 409px\" \/><\/p>\n\n\n\n<ol class=\"wp-block-list\">\n<li>No <strong>8\u00ba Per\u00edodo<\/strong> os alunos devem se organizar em 2 grandes grupos (A e B);<\/li>\n\n\n\n<li>Os grupos devem ter <strong>mesmo n\u00famero de integrantes<\/strong>;<\/li>\n\n\n\n<li>Estes grupos<strong> se manter\u00e3o ao longo de todo o internato<\/strong>;<\/li>\n\n\n\n<li><strong>Cada grupo<\/strong> deve estar composto por <strong>1 representante de turma<\/strong>;<\/li>\n\n\n\n<li><strong>Antes do in\u00edcio do semestre<\/strong> a turma deve <strong>encaminhar <\/strong>por e-mail (<a href=\"mailto:internatotoledo@ufpr.br\">internatotoledo@ufpr.br<\/a>) o <strong>nome completo<\/strong> dos integrantes de <strong>cada grupo<\/strong> (Tabela divis\u00e3o dos grupos);<\/li>\n\n\n\n<li>Os subgrupos depender\u00e3o da din\u00e2mica de cada est\u00e1gio e ser\u00e3o definidos pelo Coordenador do est\u00e1gio a cada semestre.<\/li>\n<\/ol>\n\n\n\n<hr class=\"wp-block-separator has-alpha-channel-opacity\" \/>\n\n\n\n<p class=\"has-text-align-center\"><strong>NORMATIVAS E RESOLU\u00c7\u00d5ES<\/strong><\/p>\n\n\n\n<p><strong><a href=\"https:\/\/www.planalto.gov.br\/ccivil_03\/_ato2007-2010\/2008\/lei\/l11788.htm\">Lei n\u00ba 11.788\/2008<\/a>:&nbsp;<\/strong>Disp\u00f5e sobre o est\u00e1gio de estudantes a n\u00edvel&nbsp;<strong>nacional<\/strong>.<\/p>\n\n\n\n<p><strong><a href=\"https:\/\/toledo.ufpr.br\/wp-content\/uploads\/2022\/01\/46_10-CEPE-Est%C3%A1gios-UFPR.pdf\">Resolu\u00e7\u00e3o 46\/10 \u2013 CEPE<\/a>:&nbsp;<\/strong>Disp\u00f5e sobre os est\u00e1gios na&nbsp;<strong>Universidade Federal do Paran\u00e1<\/strong>.<\/p>\n\n\n\n<p><strong><a href=\"https:\/\/toledo.ufpr.br\/wp-content\/uploads\/2022\/01\/IN-01_12-CEPE-est%C3%A1gio-n%C3%A3o-obrigat%C3%B3rio.pdf\">IN 01\/12 \u2013 CEPE<\/a>:&nbsp;<\/strong>Normatiza os est\u00e1gios curriculares&nbsp;<strong>n\u00e3o obrigat\u00f3rios<\/strong>&nbsp;previstos na Resolu\u00e7\u00e3o n\u00ba 46\/10-CEPE em conformidade com a Lei n\u00ba 11.788\/08.<\/p>\n\n\n\n<p><strong><a href=\"https:\/\/toledo.ufpr.br\/wp-content\/uploads\/2022\/01\/IN-02_12-CEPE-est%C3%A1gio-no-exterior.pdf\">IN 02\/12 \u2013 CEPE<\/a>:&nbsp;<\/strong>Normativa os est\u00e1gios previstos na Resolu\u00e7\u00e3o n\u00ba 46\/10-CEPE realizados no&nbsp;<strong>exterior<\/strong>.<\/p>\n\n\n\n<p><strong><a href=\"https:\/\/toledo.ufpr.br\/wp-content\/uploads\/2022\/01\/IN-01_13-CEPE-est%C3%A1gios-na-UFPR.pdf\">IN 01\/13 \u2013 CEPE<\/a>:<\/strong>&nbsp;<strong>Normatiza os est\u00e1gios<\/strong>&nbsp;previstos na Resolu\u00e7\u00e3o 46\/10- CEPE realizados no \u00e2mbito da&nbsp;<strong>Universidade Federal do Paran\u00e1<\/strong>.<\/p>\n\n\n\n<p><strong><a href=\"https:\/\/toledo.ufpr.br\/medicinatoledo\/wp-content\/uploads\/sites\/3\/2024\/02\/IN-01_21-PROGRAD-relatorio-de-estagio.pdf\">IN 01\/21 \u2013 PROGRAD<\/a>:<\/strong>&nbsp;Estabelece a&nbsp;<strong>obrigatoriedade<\/strong>&nbsp;de apresenta\u00e7\u00e3o do&nbsp;<strong>Relat\u00f3rio de Est\u00e1gio<\/strong>.<\/p>\n\n\n\n<p><a href=\"http:\/\/www.prograd.ufpr.br\/portal\/coafe\/wp-content\/uploads\/sites\/15\/2019\/08\/Manual-de-Est%C3%A1gios-Vers%C3%A3o-Final.pdf\"><strong>Manual de Est\u00e1gios da UFPR<\/strong><\/a>: Esclarece fluxos sobre os procedimentos de solicita\u00e7\u00e3o e tramita\u00e7\u00e3o da documenta\u00e7\u00e3o de est\u00e1gios.&nbsp;<\/p>\n\n\n\n<p><a href=\"https:\/\/toledo.ufpr.br\/wp-content\/uploads\/2025\/09\/Regulamento-de-estagio-internato.pdf\" target=\"_blank\" rel=\"noreferrer noopener\"><strong>Regulamento do Est\u00e1gio Curricular Obrigat\u00f3rio<\/strong><\/a>: Normatiza o Est\u00e1gio Curricular Obrigat\u00f3rio em regime de Internato, do curso de Medicina do Campus Toledo da Universidade Federal do Paran\u00e1.<\/p>\n\n\n\n<hr class=\"wp-block-separator has-alpha-channel-opacity\" \/>\n\n\n\n<p class=\"has-text-align-center\"><strong>ENTREGA DE RELAT\u00d3RIO E CARDENETA DE EST\u00c1GIO<\/strong><\/p>\n\n\n\n<p><strong><mark style=\"background-color:#ffffff;color:#f20303\" class=\"has-inline-color\">ANTES DO IN\u00cdCIO DO SEMESTRE:<\/mark><\/strong><\/p>\n\n\n\n<p>Providenciar o preenchimento e a coleta das assinaturas dos&nbsp;<strong>Termos de Compromisso de Est\u00e1gio<\/strong>.<br><strong>Nenhum est\u00e1gio<\/strong>&nbsp;deve ser iniciado&nbsp;<strong>antes que todos os termos estejam devidamente assinados e deferidos pela COAPPE<\/strong>.<\/p>\n\n\n\n<p><\/p>\n\n\n\n<p><strong><mark style=\"background-color:#ffffff;color:#f30808\" class=\"has-inline-color\">AO T\u00c9RMINO DE CADA DISCIPLINA DE EST\u00c1GIO:\u00a0<\/mark><\/strong><\/p>\n\n\n\n<p><strong>Relat\u00f3rio de Est\u00e1gio (formato PDF):<\/strong><\/p>\n\n\n\n<p>Ao final de cada per\u00edodo de est\u00e1gio, conforme a&nbsp;<strong>IN 01\/21 \u2013 PROGRAD<\/strong>, os estudantes dever\u00e3o preencher e assinar o&nbsp;<strong>Relat\u00f3rio de Est\u00e1gio<\/strong>&nbsp;de forma&nbsp;<strong>individual<\/strong>. Ap\u00f3s preenchimento e assinatura, o relat\u00f3rio deve ser enviado em&nbsp;<strong>PDF<\/strong>, devidamente nomeado e em arquivos separados, para o&nbsp;<strong>professor(a) orientador(a) de est\u00e1gio da UFPR<\/strong>, antes do lan\u00e7amento das notas.<\/p>\n\n\n\n<p>O orientador poder\u00e1 subir os relat\u00f3rios diretamente no SEI ou envi\u00e1-los conforme as orienta\u00e7\u00f5es para que a Secretaria Acad\u00eamica possa inclu\u00ed-los. Neste caso, os relat\u00f3rios precisam ser encaminhados para o e-mail:&nbsp;<strong><a href=\"https:\/\/sei.ufpr.br\/sei\/web\/internatotoledo@ufpr.br\" target=\"_blank\" rel=\"noreferrer noopener\">internatotoledo@ufpr.br<\/a><\/strong><\/p>\n\n\n\n<p><strong>Caderneta de Est\u00e1gio (formato f\u00edsico):<\/strong><\/p>\n\n\n\n<p>Ao final de cada per\u00edodo de est\u00e1gio, conforme a\u00a0<strong>IN 01\/21 \u2013 PROGRAD<\/strong>, os estudantes dever\u00e3o\u00a0<strong>preencher, assinar e coletar as assinaturas necess\u00e1rias.<\/strong><br>Entregar a\u00a0<strong>vers\u00e3o impressa (f\u00edsica)<\/strong>\u00a0ao\u00a0<strong>professor(a) orientador(a)<\/strong>\u00a0do est\u00e1gio da UFPR\u00a0<strong>antes do per\u00edodo de lan\u00e7amento das notas<\/strong>. Na sequ\u00eancia, o<strong>(a) orientador(a)\u00a0<\/strong>ir\u00e1 entregar na Secretaria Acad\u00eamica.<\/p>\n\n\n\n<p><\/p>\n\n\n\n<hr class=\"wp-block-separator has-alpha-channel-opacity\" \/>\n\n\n\n<p class=\"has-text-align-right\">Atualizado em 26\/09\/2025<\/p>\n","protected":false},"excerpt":{"rendered":"<p>Corresponde ao Ciclo de Est\u00e1gio Curricular Obrigat\u00f3rio que ocorre do 9\u00ba ao 12\u00ba per\u00edodo do [&hellip;]<\/p>\n","protected":false},"author":2798,"featured_media":0,"parent":0,"menu_order":0,"comment_status":"closed","ping_status":"closed","template":"","meta":{"ngg_post_thumbnail":0,"footnotes":""},"class_list":["post-8106","page","type-page","status-publish","hentry"],"_links":{"self":[{"href":"https:\/\/toledo.ufpr.br\/medicinatoledo\/wp-json\/wp\/v2\/pages\/8106","targetHints":{"allow":["GET"]}}],"collection":[{"href":"https:\/\/toledo.ufpr.br\/medicinatoledo\/wp-json\/wp\/v2\/pages"}],"about":[{"href":"https:\/\/toledo.ufpr.br\/medicinatoledo\/wp-json\/wp\/v2\/types\/page"}],"author":[{"embeddable":true,"href":"https:\/\/toledo.ufpr.br\/medicinatoledo\/wp-json\/wp\/v2\/users\/2798"}],"replies":[{"embeddable":true,"href":"https:\/\/toledo.ufpr.br\/medicinatoledo\/wp-json\/wp\/v2\/comments?post=8106"}],"version-history":[{"count":40,"href":"https:\/\/toledo.ufpr.br\/medicinatoledo\/wp-json\/wp\/v2\/pages\/8106\/revisions"}],"predecessor-version":[{"id":10176,"href":"https:\/\/toledo.ufpr.br\/medicinatoledo\/wp-json\/wp\/v2\/pages\/8106\/revisions\/10176"}],"wp:attachment":[{"href":"https:\/\/toledo.ufpr.br\/medicinatoledo\/wp-json\/wp\/v2\/media?parent=8106"}],"curies":[{"name":"wp","href":"https:\/\/api.w.org\/{rel}","templated":true}]}}