{"id":8091,"date":"2025-01-09T12:40:29","date_gmt":"2025-01-09T15:40:29","guid":{"rendered":"https:\/\/toledo.ufpr.br\/medicinatoledo\/?page_id=8091"},"modified":"2026-02-23T16:02:33","modified_gmt":"2026-02-23T19:02:33","slug":"diplomas","status":"publish","type":"page","link":"https:\/\/toledo.ufpr.br\/medicinatoledo\/diplomas\/","title":{"rendered":"Diplomas"},"content":{"rendered":"\n<p><\/p>\n\n\n\n<p><strong><a href=\"http:\/\/www.prograd.ufpr.br\/portal\/copap\/diplomas\/\">Unidade de Diplomas<\/a> \u2013 UDIP<\/strong><\/p>\n\n\n\n<p>A Unidade de Diplomas da UFPR \u00e9 respons\u00e1vel pela emiss\u00e3o e registro dos diplomas dos cursos de gradua\u00e7\u00e3o da Universidade, registro dos diplomas de diversas faculdades particulares e pela revalida\u00e7\u00e3o de diplomas estrangeiros.<\/p>\n\n\n\n<hr class=\"wp-block-separator has-alpha-channel-opacity\" \/>\n\n\n\n<h2 class=\"wp-block-heading\">Diploma Digital<\/h2>\n\n\n\n<p>Conforme determina\u00e7\u00e3o do&nbsp;<a href=\"http:\/\/portal.mec.gov.br\/diplomadigital\/\">MEC<\/a>, os diplomas dos cursos de gradua\u00e7\u00e3o est\u00e3o sendo emitidos somente em formato digital.<\/p>\n\n\n\n<p>N\u00e3o \u00e9 mais necess\u00e1rio fazer nenhum tipo de solicita\u00e7\u00e3o de emiss\u00e3o de diplomas. Ap\u00f3s a cola\u00e7\u00e3o de grau passar pela SAAC, a Unidade de Diplomas est\u00e1 apta a emitir os diplomas e registrar. Os egressos podem acompanhar a emiss\u00e3o do diploma pelo SIGA, Portal do Egresso, ser\u00e1 neste ambiente que o titular ter\u00e1 acesso ao Diploma Digital e ao Hist\u00f3rico Escolar Final.<\/p>\n\n\n\n<p>O&nbsp;<strong>prazo&nbsp;<\/strong>para a confec\u00e7\u00e3o do diploma \u00e9 de&nbsp;<strong>60 dias, prorrog\u00e1vel por mais 60 dias ap\u00f3s a Cola\u00e7\u00e3o de Grau<\/strong>.<\/p>\n\n\n\n<p>Na modalidade de&nbsp;<strong>Diploma Digital, o diploma n\u00e3o ser\u00e1 impresso<\/strong>,&nbsp;<strong>ficando dispon\u00edvel apenas no formato digital composto por dois arquivos: XML e PDF da representa\u00e7\u00e3o visual.<\/strong><\/p>\n\n\n\n<p>O\u00a0<strong><a href=\"https:\/\/ufpraberta.ufpr.br\/course\/format\/tiles\/mod_view.php?cmid=26756\">Tutorial<\/a> <\/strong>para acesso ao Diploma Digital detalha maiores informa\u00e7\u00f5es.<\/p>\n\n\n\n<p><a href=\"https:\/\/toledo.ufpr.br\/medicinatoledo\/representacao-visual\/\"><strong>Como solicitar a Representa\u00e7\u00e3o Visual do Diploma Digital (RVDD)<\/strong><\/a><\/p>\n\n\n\n<hr class=\"wp-block-separator has-alpha-channel-opacity\" \/>\n\n\n\n<p><\/p>\n\n\n\n<h2 class=\"wp-block-heading\">Revalida\u00e7\u00e3o de Diploma <\/h2>\n\n\n\n<p>Assuntos referentes a revalida\u00e7\u00e3o de diplomas estrangeiros podem ser tratados pelo e-mail <em><strong>revalida@ufpr.br<\/strong><\/em> ou pelo site:&nbsp;<a href=\"http:\/\/www.prograd.ufpr.br\/portal\/blog\/informativo\/orientacoes-para-revalidacao-de-diplomas-de-graduacao-estrangeiros\/\">Revalida\u00e7\u00e3o de Diplomas Estrangeiros<\/a>&nbsp; &nbsp;<\/p>\n\n\n\n<hr class=\"wp-block-separator has-alpha-channel-opacity\" \/>\n\n\n\n<p class=\"has-text-align-right\">Atualizado em 09\/01\/2025<\/p>\n","protected":false},"excerpt":{"rendered":"<p>Unidade de Diplomas \u2013 UDIP A Unidade de Diplomas da UFPR \u00e9 respons\u00e1vel pela emiss\u00e3o [&hellip;]<\/p>\n","protected":false},"author":2798,"featured_media":0,"parent":0,"menu_order":0,"comment_status":"closed","ping_status":"closed","template":"","meta":{"ngg_post_thumbnail":0,"footnotes":""},"class_list":["post-8091","page","type-page","status-publish","hentry"],"_links":{"self":[{"href":"https:\/\/toledo.ufpr.br\/medicinatoledo\/wp-json\/wp\/v2\/pages\/8091","targetHints":{"allow":["GET"]}}],"collection":[{"href":"https:\/\/toledo.ufpr.br\/medicinatoledo\/wp-json\/wp\/v2\/pages"}],"about":[{"href":"https:\/\/toledo.ufpr.br\/medicinatoledo\/wp-json\/wp\/v2\/types\/page"}],"author":[{"embeddable":true,"href":"https:\/\/toledo.ufpr.br\/medicinatoledo\/wp-json\/wp\/v2\/users\/2798"}],"replies":[{"embeddable":true,"href":"https:\/\/toledo.ufpr.br\/medicinatoledo\/wp-json\/wp\/v2\/comments?post=8091"}],"version-history":[{"count":4,"href":"https:\/\/toledo.ufpr.br\/medicinatoledo\/wp-json\/wp\/v2\/pages\/8091\/revisions"}],"predecessor-version":[{"id":10344,"href":"https:\/\/toledo.ufpr.br\/medicinatoledo\/wp-json\/wp\/v2\/pages\/8091\/revisions\/10344"}],"wp:attachment":[{"href":"https:\/\/toledo.ufpr.br\/medicinatoledo\/wp-json\/wp\/v2\/media?parent=8091"}],"curies":[{"name":"wp","href":"https:\/\/api.w.org\/{rel}","templated":true}]}}