{"id":7569,"date":"2024-09-05T12:08:10","date_gmt":"2024-09-05T15:08:10","guid":{"rendered":"https:\/\/toledo.ufpr.br\/medicinatoledo\/?page_id=7569"},"modified":"2024-09-05T12:08:10","modified_gmt":"2024-09-05T15:08:10","slug":"monitoria-digital-2021","status":"publish","type":"page","link":"https:\/\/toledo.ufpr.br\/medicinatoledo\/monitoria-digital-2021\/","title":{"rendered":"Monitoria Digital 2021"},"content":{"rendered":"\n<p>H\u00cdBRIDO<\/p>\n\n\n\n<ul class=\"wp-block-list\">\n<li><strong>Agentes Agressores e Mecanismos de Defesa II (Microbiologia)<\/strong><\/li>\n\n\n\n<li><a href=\"https:\/\/toledo.ufpr.br\/wp-content\/uploads\/2021\/09\/Edital-de-sele%C3%A7%C3%A3o-MONITORIA-2021-AAMDII.pdf\">Edital de inscri\u00e7\u00e3o<\/a><\/li>\n\n\n\n<li><a href=\"https:\/\/toledo.ufpr.br\/wp-content\/uploads\/2021\/09\/Edital-resultado-sele%C3%A7%C3%A3o-Monitoria-digital-AAMDII-Microbiologia.pdf\">Resultado final<\/a><\/li>\n\n\n\n<li><strong>Bases Farmacol\u00f3gicas da Terap\u00eautica<br><\/strong><a href=\"https:\/\/toledo.ufpr.br\/wp-content\/uploads\/2021\/09\/Sele%C3%A7%C3%A3o-de-monitoria-Bases-Farmacol%C3%B3gicas-da-Terap%C3%AAutica.pdf\">Edital de inscri\u00e7\u00e3o<\/a><br><a href=\"https:\/\/toledo.ufpr.br\/wp-content\/uploads\/2021\/09\/Resultado-da-sele%C3%A7%C3%A3o-de-monitores-Bases-Farmacol%C3%B3gicas-da-Terap%C3%AAutica-2%C2%BA-Semestre-2021.pdf\">Resultado final<\/a><\/li>\n\n\n\n<li><strong>Desenvolvimento II<br><\/strong><a href=\"https:\/\/toledo.ufpr.br\/wp-content\/uploads\/2021\/09\/Edital-sele%C3%A7%C3%A3o-de-monitores-em-DE-II-2021-2-ASSINADA.pdf\">Edital de Inscri\u00e7\u00e3o<\/a><\/li>\n\n\n\n<li><a href=\"https:\/\/toledo.ufpr.br\/wp-content\/uploads\/2021\/09\/Monitoria-Digital-DE-II-2021.2.pdf\">Resultado final&nbsp;<\/a><\/li>\n\n\n\n<li><strong>Habilidades M\u00e9dicas I<br><\/strong><a href=\"https:\/\/toledo.ufpr.br\/wp-content\/uploads\/2021\/09\/Monitoria-Edital-de-Monitoria-Digital-Habilidades-M%C3%A9dicas-I.pdf\">Edital de inscri\u00e7\u00e3o<\/a><br><a href=\"https:\/\/toledo.ufpr.br\/wp-content\/uploads\/2021\/09\/Resultado-de-Monitoria-HM-I-2021-1-1.pdf\">Resultado final<\/a><\/li>\n\n\n\n<li><strong>Habilidades M\u00e9dicas III<br><\/strong><a href=\"https:\/\/toledo.ufpr.br\/wp-content\/uploads\/2021\/09\/Edital-sele%C3%A7%C3%A3o-de-monitores-em-HM-III-2021-2-ASSINADA.pdf\">Edital de inscri\u00e7\u00e3o<\/a><\/li>\n\n\n\n<li><a href=\"https:\/\/toledo.ufpr.br\/wp-content\/uploads\/2021\/09\/Monitoria-Digital-HM-III-2021.2.pdf\">Resultado final<\/a><\/li>\n\n\n\n<li><strong>Intera\u00e7\u00e3o em sa\u00fade da comunidade IV<br><\/strong><a href=\"https:\/\/toledo.ufpr.br\/wp-content\/uploads\/2021\/09\/Edital-sele%C3%A7%C3%A3o-de-monitores-em-ISC-IV_-2021_semestre-2.pdf\">Edital de inscri\u00e7\u00e3o<\/a><br><a href=\"https:\/\/toledo.ufpr.br\/wp-content\/uploads\/2021\/09\/Resultado-Processo-de-sele%C3%A7%C3%A3o-monitoria-ISCIV_2S_2021.pdf\">Resultado final<\/a><\/li>\n\n\n\n<li><strong>Intera\u00e7\u00e3o em Sa\u00fade da Comunidade V<br><\/strong><a href=\"https:\/\/toledo.ufpr.br\/wp-content\/uploads\/2021\/09\/Edital-Monitoria-Intera%C3%A7%C3%A3o-em-Sa%C3%BAde-da-Comunidade-V.pdf\">Edital de inscri\u00e7\u00e3o<br><\/a><a href=\"https:\/\/toledo.ufpr.br\/wp-content\/uploads\/2021\/09\/resultado-monitoria-isc-v.pdf\">Resultado final<\/a><\/li>\n\n\n\n<li><strong>Sa\u00fade do adulto I \u2013 gastroenterologia<br><\/strong><a href=\"https:\/\/toledo.ufpr.br\/wp-content\/uploads\/2021\/09\/Monitoria-Edital-de-Monitoria-Digital-Gastroenterologia-2021_1.pdf\">Edital de inscri\u00e7\u00e3o<\/a><\/li>\n\n\n\n<li><strong>Sa\u00fade do Adulto I \u2013 Cardiologia<br><\/strong><a href=\"https:\/\/toledo.ufpr.br\/wp-content\/uploads\/2021\/09\/Edital-Monitoria-Sau%CC%81de-do-Adulto-I-Cardio.pdf\">Edital de inscri\u00e7\u00e3o<\/a><\/li>\n\n\n\n<li><strong>Sistema Cardiopulmonar e hematopoese (Anatomia)<\/strong><\/li>\n\n\n\n<li><a href=\"https:\/\/toledo.ufpr.br\/wp-content\/uploads\/2021\/09\/Edital-monitoria-SCPH-ANATOMIA.pdf\">Edital de inscri\u00e7\u00e3o<\/a><\/li>\n\n\n\n<li><a href=\"https:\/\/toledo.ufpr.br\/wp-content\/uploads\/2021\/09\/RESULTADO-SCPH.pdf\">Resultado final&nbsp;<\/a><\/li>\n\n\n\n<li><strong>Sistema Neural (Anatomia)<br><\/strong><a href=\"https:\/\/toledo.ufpr.br\/wp-content\/uploads\/2021\/09\/Edital-monitoria-NEURAL-ANATOMIA.pdf\">Edital de inscri\u00e7\u00e3o<\/a><\/li>\n\n\n\n<li><a href=\"https:\/\/toledo.ufpr.br\/wp-content\/uploads\/2021\/09\/RESULTADO-NEURAL.pdf\">Resultado final<\/a><\/li>\n\n\n\n<li><strong>Urg\u00eancias e Emerg\u00eancias V<br><\/strong><a href=\"https:\/\/toledo.ufpr.br\/wp-content\/uploads\/2021\/08\/Monitoria-Edital_UEP-V.pdf\">Edital de inscri\u00e7\u00e3o<br><\/a><a href=\"https:\/\/toledo.ufpr.br\/wp-content\/uploads\/2021\/09\/Resultado-de-Monitoria-UEP-V-2021_01.pdf\">Resultado final<\/a><\/li>\n\n\n\n<li><strong>Urg\u00eancias, emerg\u00eancias e procedimentos I (UEPI)<br><\/strong><a href=\"https:\/\/toledo.ufpr.br\/wp-content\/uploads\/2021\/09\/Edital-sele%C3%A7%C3%A3o-de-monitores-em-UEP-I_-2-semestre_2021.pdf\">Edital de inscri\u00e7\u00e3o<br><\/a><a href=\"https:\/\/toledo.ufpr.br\/wp-content\/uploads\/2021\/09\/Resultado-do-Processo-de-sele%C3%A7%C3%A3o-monitoria-UEPI_-2S_2021.pdf\">Resultado final<\/a><\/li>\n\n\n\n<li><strong>Sa\u00fade da crian\u00e7a e do adolescente<\/strong><\/li>\n\n\n\n<li><a href=\"https:\/\/toledo.ufpr.br\/wp-content\/uploads\/2021\/09\/Sa%C3%BAde-da-crian%C3%A7a-e-adolescente.pdf\">Edital de inscri\u00e7\u00e3o<\/a><\/li>\n\n\n\n<li><strong>Epidemiologia M\u00e9todos Estat\u00edsticos Aplicados \u00e0 Sa\u00fade<\/strong><\/li>\n\n\n\n<li><a href=\"https:\/\/toledo.ufpr.br\/wp-content\/uploads\/2021\/09\/Resultado-Final-Monitoria-Epidemiologia-M%C3%A9todos-Estat%C3%ADsticos-Aplicados-%C3%A0-Sa%C3%BAde-2021_2.pdf\">Edital e Resultado final<\/a><\/li>\n\n\n\n<li><strong>Epidemiologia M\u00e9todos Quantitativos em Sa\u00fade<\/strong><\/li>\n\n\n\n<li><a href=\"https:\/\/toledo.ufpr.br\/wp-content\/uploads\/2021\/09\/Resultado-Final-Epidemiologia-M%C3%A9todos-Quantitativos-em-Sa%C3%BAde-2021_2.pdf\">Edital e Resultado final<\/a><\/li>\n\n\n\n<li><strong>Trabalho de Curso I<\/strong><\/li>\n\n\n\n<li><a href=\"https:\/\/toledo.ufpr.br\/wp-content\/uploads\/2021\/09\/Resultado-Final-Monitoria-Trabalho-de-Curso-I-2021_2.pdf\">Edital e Resultado Final<\/a><\/li>\n\n\n\n<li><strong>Habilidades operat\u00f3rias I (Dr. Marco)<\/strong><\/li>\n\n\n\n<li><a href=\"https:\/\/toledo.ufpr.br\/wp-content\/uploads\/2021\/09\/Edital-selec%CC%A7a%CC%83o-de-monitores-em-HO1-Marco.pdf\">Edital de inscri\u00e7\u00e3o<\/a><\/li>\n\n\n\n<li><a href=\"https:\/\/toledo.ufpr.br\/wp-content\/uploads\/2021\/09\/Monitores-HO1-Marco.pdf\">Resultado final<\/a><\/li>\n\n\n\n<li><strong>Habilidades operat\u00f3rias I (Dr. Rafael)<\/strong><\/li>\n\n\n\n<li><a href=\"https:\/\/toledo.ufpr.br\/wp-content\/uploads\/2021\/09\/Edital-selec%CC%A7a%CC%83o-de-monitores-em-HO1-Rafa.pdf\">Edital de inscri\u00e7\u00e3o<\/a><\/li>\n\n\n\n<li><a href=\"https:\/\/toledo.ufpr.br\/wp-content\/uploads\/2021\/09\/Monitores-HO1-Rafa.pdf\">Resultado final<\/a><\/li>\n\n\n\n<li><strong>Habilidades operat\u00f3rias II (Dr. Marco)<\/strong><\/li>\n\n\n\n<li><a href=\"https:\/\/toledo.ufpr.br\/wp-content\/uploads\/2021\/09\/Edital-selec%CC%A7a%CC%83o-de-monitores-em-HO2-Marco.pdf\">Edital de inscri\u00e7\u00e3o<\/a><\/li>\n\n\n\n<li><a href=\"https:\/\/toledo.ufpr.br\/wp-content\/uploads\/2021\/09\/Monitores-HO2-Marco.pdf\">Resultado final<\/a><\/li>\n\n\n\n<li><strong>Habilidades operat\u00f3rias II (Dr. Rafael)<\/strong><\/li>\n\n\n\n<li><a href=\"https:\/\/toledo.ufpr.br\/wp-content\/uploads\/2021\/09\/Edital-selec%CC%A7a%CC%83o-de-monitores-em-HO2-Rafa.pdf\">Edital de inscri\u00e7\u00e3o<\/a><\/li>\n\n\n\n<li><a href=\"https:\/\/toledo.ufpr.br\/wp-content\/uploads\/2021\/09\/Monitores-HO2-Rafa.pdf\">Resultado final<\/a><\/li>\n\n\n\n<li><strong>Pediatria<\/strong><\/li>\n\n\n\n<li><a href=\"https:\/\/toledo.ufpr.br\/wp-content\/uploads\/2021\/09\/Geruza.pdf\">Edital de inscri\u00e7\u00e3o<\/a><\/li>\n\n\n\n<li><a href=\"https:\/\/toledo.ufpr.br\/wp-content\/uploads\/2021\/09\/Processo-de-selec%CC%A7a%CC%83o-monitoria-2021.pdf\">Resultado final<\/a><\/li>\n<\/ul>\n\n\n\n<hr class=\"wp-block-separator has-alpha-channel-opacity\" \/>\n\n\n\n<p>ENSINO REMOTO 2<\/p>\n\n\n\n<ul class=\"wp-block-list\">\n<li><strong>Agentes Agressores e Mecanismos de Defesa II (Microbiologia)<br><\/strong><a href=\"https:\/\/toledo.ufpr.br\/wp-content\/uploads\/2022\/01\/Edital-de-sele%C3%A7%C3%A3o-MONITORIA-2022_Juliana.pdf\">Edital de inscri\u00e7\u00e3o<br><\/a><a href=\"https:\/\/toledo.ufpr.br\/wp-content\/uploads\/2022\/01\/Edital-resultado-sele%C3%A7%C3%A3o-Monitoria-digital-2021.2.pdf\">Resultado final<\/a><\/li>\n\n\n\n<li><strong>Imers\u00e3o em ECG<br><\/strong><a href=\"https:\/\/toledo.ufpr.br\/wp-content\/uploads\/2022\/01\/Edital_IMERS%C3%83O-EM-ECG_monitoria-2022_01-convertido-assinado.pdf\">Edital de inscri\u00e7\u00e3o<br><\/a><a href=\"https:\/\/toledo.ufpr.br\/wp-content\/uploads\/2022\/01\/Resultado-de-Monitoria-ECG_2021_02-convertido-assinado.pdf\">Resultado final<\/a><\/li>\n\n\n\n<li><strong>Intera\u00e7\u00e3o em sa\u00fade da comunidade IV<\/strong><br><a href=\"https:\/\/toledo.ufpr.br\/wp-content\/uploads\/2021\/04\/Edital-sele%C3%A7%C3%A3o-de-monitores-em-ISC-IV_-2021.pdf\">Edital de inscri\u00e7\u00e3o<\/a><\/li>\n\n\n\n<li><strong>Urg\u00eancias, emerg\u00eancias e procedimentos I<\/strong><br><a href=\"https:\/\/toledo.ufpr.br\/wp-content\/uploads\/2021\/04\/Edital-sele%C3%A7%C3%A3o-de-monitores-em-UEP-I_-2021.pdf\">Edital de inscri\u00e7\u00e3o<\/a><\/li>\n\n\n\n<li><strong>Sa\u00fade da Crian\u00e7a e do Adolescente<\/strong><br><a href=\"https:\/\/toledo.ufpr.br\/wp-content\/uploads\/2021\/04\/Edital-sele%C3%A7%C3%A3o-de-monitores-Pediatria.pdf\">Edital de inscri\u00e7\u00e3o<\/a><\/li>\n\n\n\n<li><strong>Bases Farmacol\u00f3gicas da Terap\u00eautica<br><\/strong><a href=\"https:\/\/toledo.ufpr.br\/wp-content\/uploads\/2021\/04\/Edital-para-sele%C3%A7%C3%A3o-para-monitores-digitais-2021.pdf\">Edital de inscri\u00e7\u00e3o<br><\/a><a href=\"https:\/\/toledo.ufpr.br\/wp-content\/uploads\/2021\/05\/Resultado-da-sele%C3%A7%C3%A3o-de-monitores-Bases-Farmacol%C3%B3gicas-da-Terap%C3%AAutica.pdf\">Resultado final<\/a><\/li>\n\n\n\n<li><strong>Sa\u00fade do Adulto e do Idoso<br><\/strong><a href=\"https:\/\/toledo.ufpr.br\/wp-content\/uploads\/2021\/05\/Edital-selec%CC%A7a%CC%83o-de-monitores-em-Sau%CC%81de-do-Adulto-e-do-Idoso.pdf\">Edital de inscri\u00e7\u00e3o<\/a><\/li>\n\n\n\n<li><strong>Sa\u00fade do Adulto I<br><\/strong><a href=\"https:\/\/toledo.ufpr.br\/wp-content\/uploads\/2021\/05\/Edital-selec%CC%A7a%CC%83o-de-monitores-em-SAI.pdf\">Edital de inscri\u00e7\u00e3o<br><\/a><a href=\"https:\/\/toledo.ufpr.br\/wp-content\/uploads\/2021\/05\/Resultado-selec%CC%A7a%CC%83o-de-monitores-em-SAI.pdf\">Resultado final<\/a><\/li>\n\n\n\n<li><strong>Sa\u00fade do Adulto III<br><\/strong><a href=\"https:\/\/toledo.ufpr.br\/wp-content\/uploads\/2021\/05\/Edital-selec%CC%A7a%CC%83o-de-monitores-em-SAIII.pdf\">Edital de inscri\u00e7\u00e3o<\/a><\/li>\n\n\n\n<li><strong>Radiologia Cl\u00ednica I<br><\/strong><a href=\"https:\/\/toledo.ufpr.br\/wp-content\/uploads\/2021\/05\/Edital-selec%CC%A7a%CC%83o-de-monitores-em-Radiologia-Cli%CC%81nica-I.pdf\">Edital de inscri\u00e7\u00e3o<\/a><\/li>\n\n\n\n<li><strong>Epidemiologia \u2013 M\u00e9todos Quantitativos Aplicados \u00e0 Sa\u00fade<br><\/strong><a href=\"https:\/\/toledo.ufpr.br\/wp-content\/uploads\/2021\/05\/Edital-Monitoria-Epidemiologia-M%C3%A9todos-Quantitativos-em-Sa%C3%BAde.pdf\">Edital de inscri\u00e7\u00e3o<\/a><\/li>\n\n\n\n<li><strong>Epidemiologia \u2013 M\u00e9todos Estat\u00edsticos Aplicados \u00e0 Sa\u00fade<br><\/strong><a href=\"https:\/\/toledo.ufpr.br\/wp-content\/uploads\/2021\/05\/Edital-Monitoria-Epidemiologia-M%C3%A9todos-Estat%C3%ADsticos-Aplicados-%C3%A0-Sa%C3%BAde.pdf\">Edital de inscri\u00e7\u00e3o<\/a><\/li>\n\n\n\n<li><strong>Sistema cardiopulmonar e hematopoese (Anatomia)<\/strong><strong><br><\/strong><a href=\"https:\/\/toledo.ufpr.br\/wp-content\/uploads\/2021\/05\/Edital-monitoria-SCPH-ANATOMIA.pdf\">Edital de inscri\u00e7\u00e3o<\/a><br><a href=\"https:\/\/toledo.ufpr.br\/wp-content\/uploads\/2021\/05\/RESULTADO-FINAL-DA-SELE%C3%87%C3%83O-SCPH.pdf\">Resultado final&nbsp;<\/a><br><strong>Processos celulares e Sistema gastrointestinal e Renal (Anatomia)<br><\/strong><a href=\"https:\/\/toledo.ufpr.br\/wp-content\/uploads\/2021\/05\/Edital-monitoria-PROCESSOS-CELULARES-E-SRG-ANATOMIA.pdf\">Edital de inscri\u00e7\u00e3o<\/a><strong><br><\/strong><a href=\"https:\/\/toledo.ufpr.br\/wp-content\/uploads\/2021\/05\/RESULTADO-FINAL-DA-SELE%C3%87%C3%83O-PC-1.pdf\">Resultado final<\/a><\/li>\n\n\n\n<li><strong>Sistema neural (Anatomia)<br><\/strong><a href=\"https:\/\/toledo.ufpr.br\/wp-content\/uploads\/2021\/05\/Edital-monitoria-NEURAL-ANATOMIA.pdf\">Edital de inscri\u00e7\u00e3o<\/a><strong><br><\/strong><a href=\"https:\/\/toledo.ufpr.br\/wp-content\/uploads\/2021\/05\/RESULTADO-FINAL-DA-SELE%C3%87%C3%83O-NEURAL.pdf\">Resultado final<\/a><\/li>\n\n\n\n<li><strong>Desenvolvimento II<br><\/strong><a href=\"https:\/\/toledo.ufpr.br\/wp-content\/uploads\/2021\/05\/Edital-sele%C3%A7%C3%A3o-de-monitores-em-DE-II-2.pdf\">Edital de inscri\u00e7\u00e3o<\/a><\/li>\n\n\n\n<li><strong>Habilidades M\u00e9dicas I \u2013 2021-2<\/strong><strong><br><\/strong><a href=\"https:\/\/toledo.ufpr.br\/wp-content\/uploads\/2022\/02\/Monitoria-Edital-de-Monitoria-Habilidades-M%C3%A9dicas-I.pdf\">Edital de inscri\u00e7\u00e3o<\/a><\/li>\n\n\n\n<li><strong>Processos celulares e SRG (Anatomia)<br><\/strong><a href=\"https:\/\/toledo.ufpr.br\/wp-content\/uploads\/2022\/02\/RESULTADO-PROCESSOS-CELULARES.pdf\">Edital de inscri\u00e7\u00e3o<br><\/a><a href=\"https:\/\/toledo.ufpr.br\/wp-content\/uploads\/2022\/02\/RESULTADO-PROCESSOS-CELULARES.pdf\">Resultado final<\/a><\/li>\n\n\n\n<li><strong>Sistema neural (Anatomia)<br><\/strong><a href=\"https:\/\/toledo.ufpr.br\/wp-content\/uploads\/2022\/02\/RESULTADO-NEURAL.pdf\">Edital de inscri\u00e7\u00e3o<br><\/a><a href=\"https:\/\/toledo.ufpr.br\/wp-content\/uploads\/2022\/02\/RESULTADO-NEURAL.pdf\">Resultado final&nbsp;<\/a><\/li>\n\n\n\n<li><strong>Sistema cardiopulmonar e hematopoese (Anatomia)<br><\/strong><a href=\"https:\/\/toledo.ufpr.br\/wp-content\/uploads\/2022\/02\/RESULTADO-SCPH.pdf\">Edital de inscri\u00e7\u00e3o<br><\/a><a href=\"https:\/\/toledo.ufpr.br\/wp-content\/uploads\/2022\/02\/RESULTADO-SCPH.pdf\">Resultado final<\/a><\/li>\n<\/ul>\n\n\n\n<p class=\"has-text-align-right\">Atualizado 05\/09\/2024<\/p>\n","protected":false},"excerpt":{"rendered":"<p>H\u00cdBRIDO ENSINO REMOTO 2 Atualizado 05\/09\/2024<\/p>\n","protected":false},"author":2804,"featured_media":0,"parent":0,"menu_order":0,"comment_status":"closed","ping_status":"closed","template":"","meta":{"ngg_post_thumbnail":0,"footnotes":""},"class_list":["post-7569","page","type-page","status-publish","hentry"],"_links":{"self":[{"href":"https:\/\/toledo.ufpr.br\/medicinatoledo\/wp-json\/wp\/v2\/pages\/7569","targetHints":{"allow":["GET"]}}],"collection":[{"href":"https:\/\/toledo.ufpr.br\/medicinatoledo\/wp-json\/wp\/v2\/pages"}],"about":[{"href":"https:\/\/toledo.ufpr.br\/medicinatoledo\/wp-json\/wp\/v2\/types\/page"}],"author":[{"embeddable":true,"href":"https:\/\/toledo.ufpr.br\/medicinatoledo\/wp-json\/wp\/v2\/users\/2804"}],"replies":[{"embeddable":true,"href":"https:\/\/toledo.ufpr.br\/medicinatoledo\/wp-json\/wp\/v2\/comments?post=7569"}],"version-history":[{"count":1,"href":"https:\/\/toledo.ufpr.br\/medicinatoledo\/wp-json\/wp\/v2\/pages\/7569\/revisions"}],"predecessor-version":[{"id":7570,"href":"https:\/\/toledo.ufpr.br\/medicinatoledo\/wp-json\/wp\/v2\/pages\/7569\/revisions\/7570"}],"wp:attachment":[{"href":"https:\/\/toledo.ufpr.br\/medicinatoledo\/wp-json\/wp\/v2\/media?parent=7569"}],"curies":[{"name":"wp","href":"https:\/\/api.w.org\/{rel}","templated":true}]}}