{"id":7566,"date":"2024-09-05T11:56:58","date_gmt":"2024-09-05T14:56:58","guid":{"rendered":"https:\/\/toledo.ufpr.br\/medicinatoledo\/?page_id=7566"},"modified":"2024-09-05T11:56:58","modified_gmt":"2024-09-05T14:56:58","slug":"monitoria-digital-2023","status":"publish","type":"page","link":"https:\/\/toledo.ufpr.br\/medicinatoledo\/monitoria-digital-2023\/","title":{"rendered":"Monitoria Digital 2023"},"content":{"rendered":"\n<p><strong>MONITORIA \u2013 Sele\u00e7\u00e3o ano letivo 2023\/2:<\/strong><\/p>\n\n\n\n<p><strong>Habilidades M\u00e9dicas III (Anatomia \u2013 TLDM013)<\/strong><\/p>\n\n\n\n<p><a href=\"https:\/\/toledo.ufpr.br\/medicinatoledo\/wp-content\/uploads\/sites\/3\/2023\/11\/selecao-de-monitores-em-HM-III.pdf\" target=\"_blank\" rel=\"noreferrer noopener\">Edital de inscri\u00e7\u00e3o<\/a>&nbsp;\u2013 09\/11\/23 a 10\/11\/23.<\/p>\n\n\n\n<p><a href=\"https:\/\/toledo.ufpr.br\/medicinatoledo\/wp-content\/uploads\/sites\/3\/2023\/11\/Monitoria-HM-III-2023.pdf\" target=\"_blank\" rel=\"noreferrer noopener\">Resultado Final<\/a><\/p>\n\n\n\n<p><strong>Sistema Cardiopulmonar e Hematopoese (Anatomia \u2013 TLDM008).<\/strong><\/p>\n\n\n\n<p><a href=\"https:\/\/toledo.ufpr.br\/medicinatoledo\/wp-content\/uploads\/sites\/3\/2023\/11\/Edital-monitoria-SCPH.pdf\" target=\"_blank\" rel=\"noreferrer noopener\">Edital de inscri\u00e7\u00e3o<\/a>&nbsp;\u2013&nbsp;06\/11\/23 a 08\/11\/23.<\/p>\n\n\n\n<p><a href=\"https:\/\/toledo.ufpr.br\/medicinatoledo\/wp-content\/uploads\/sites\/3\/2023\/11\/RESULTADO-SCPH.pdf\" target=\"_blank\" rel=\"noreferrer noopener\">Resultado Final<\/a><\/p>\n\n\n\n<p><strong>Sistema Neural (Anatomia \u2013 TLDM021).<\/strong><\/p>\n\n\n\n<p><a href=\"https:\/\/toledo.ufpr.br\/medicinatoledo\/wp-content\/uploads\/sites\/3\/2023\/11\/Edital-monitoria-NEUROANATOMIA.pdf\" target=\"_blank\" rel=\"noreferrer noopener\">Edital de inscri\u00e7\u00e3o<\/a>&nbsp;\u2013&nbsp;06\/11\/23 a 08\/11\/23.<\/p>\n\n\n\n<p><a href=\"https:\/\/toledo.ufpr.br\/medicinatoledo\/wp-content\/uploads\/sites\/3\/2023\/11\/RESULTADO-NEUROANATOMIA.pdf\" target=\"_blank\" rel=\"noreferrer noopener\">Resultado Final<\/a><\/p>\n\n\n\n<p><strong>Processos Celulares (TLDM002) e Sistema Renal e Gastrointestinal (TLDM003) \u2013 Anatomia.<\/strong><\/p>\n\n\n\n<p><a href=\"https:\/\/toledo.ufpr.br\/medicinatoledo\/wp-content\/uploads\/sites\/3\/2023\/11\/Edital-sele%C3%A7%C3%A3o-monitoria-PC-e-SRG-2023-2.pdf\" target=\"_blank\" rel=\"noreferrer noopener\">Edital de inscri\u00e7\u00e3o<\/a>&nbsp;\u2013&nbsp;06\/11\/2023 \u00e0 08\/11\/2023.<\/p>\n\n\n\n<p><a href=\"https:\/\/toledo.ufpr.br\/medicinatoledo\/wp-content\/uploads\/sites\/3\/2023\/11\/Edital-resultado-monitoria-PC-E-SRG-2023-2.pdf\" target=\"_blank\" rel=\"noreferrer noopener\">Resultado Final<\/a><\/p>\n\n\n\n<p><strong>Desenvolvimento I&nbsp; (TLDM007) \u2013&nbsp;Anatomia.<\/strong><\/p>\n\n\n\n<p><a href=\"https:\/\/toledo.ufpr.br\/medicinatoledo\/wp-content\/uploads\/sites\/3\/2023\/11\/Edital-sele%C3%A7%C3%A3o-monitoria-Desenvolvimento-I-2023-2.pdf\" target=\"_blank\" rel=\"noreferrer noopener\">Edital de inscri\u00e7\u00e3o<\/a>&nbsp;\u2013&nbsp; 06\/11\/2023 \u00e0 08\/11\/2023<\/p>\n\n\n\n<p><a href=\"https:\/\/toledo.ufpr.br\/medicinatoledo\/wp-content\/uploads\/sites\/3\/2023\/11\/Edital-resultado-monitoria-DI-2023-2.pdf\" target=\"_blank\" rel=\"noreferrer noopener\">Resultado&nbsp; Final<\/a><\/p>\n\n\n\n<p><strong>Intera\u00e7\u00e3o em Sa\u00fade da Comunidade III (TLDM012).<\/strong><\/p>\n\n\n\n<p><a href=\"https:\/\/toledo.ufpr.br\/medicinatoledo\/wp-content\/uploads\/sites\/3\/2023\/10\/Sele%C3%A7%C3%A3o-Edital_monitores-ISC-3-2023-2.pdf\" target=\"_blank\" rel=\"noreferrer noopener\">Edital de inscri\u00e7\u00e3o&nbsp;<\/a>\u2013&nbsp;27 a 31\/10\/2023.<\/p>\n\n\n\n<p><a href=\"https:\/\/toledo.ufpr.br\/medicinatoledo\/wp-content\/uploads\/sites\/3\/2023\/11\/Resultado_Monitoria-ISC-3-2023-2-site.pdf\" target=\"_blank\" rel=\"noreferrer noopener\">Resultado Final<\/a><\/p>\n\n\n\n<p><strong>Habilidades Operat\u00f3rias I (TLDM043)<\/strong><\/p>\n\n\n\n<p><a href=\"https:\/\/toledo.ufpr.br\/medicinatoledo\/wp-content\/uploads\/sites\/3\/2023\/10\/Edital-monitoria-HO1-Marco-Rafa-OUT-2023.pdf\" target=\"_blank\" rel=\"noreferrer noopener\">Edital de Inscri\u00e7\u00e3o<\/a>&nbsp;\u2013&nbsp;Per\u00edodo de Inscri\u00e7\u00e3o de 23\/10\/23 a 31\/10\/2023.<\/p>\n\n\n\n<p><a href=\"https:\/\/toledo.ufpr.br\/medicinatoledo\/wp-content\/uploads\/sites\/3\/2023\/11\/Monitores-HO1-Rafa-2023.2-NOV-23.pdf\" target=\"_blank\" rel=\"noreferrer noopener\">Resultado Final<\/a><\/p>\n\n\n\n<p><strong>Habilidades Operat\u00f3rias II (TLDM053)<\/strong><\/p>\n\n\n\n<p><a href=\"https:\/\/toledo.ufpr.br\/medicinatoledo\/wp-content\/uploads\/sites\/3\/2023\/10\/Edital-monitoria-HO2-Marco-Rafa-OUT-2023.pdf\" target=\"_blank\" rel=\"noreferrer noopener\">Edital de Inscri\u00e7\u00e3o<\/a>&nbsp;\u2013&nbsp;Per\u00edodo de Inscri\u00e7\u00e3o de 23\/10\/2023 a 26\/10\/2023.<\/p>\n\n\n\n<p><a href=\"https:\/\/toledo.ufpr.br\/medicinatoledo\/wp-content\/uploads\/sites\/3\/2023\/11\/Monitores-HO2-Rafa-2023.2-NOV-23.pdf\" target=\"_blank\" rel=\"noreferrer noopener\">Resultado Final \u2013 Prof. Rafael Krieger Martins<\/a><\/p>\n\n\n\n<p><a href=\"https:\/\/toledo.ufpr.br\/medicinatoledo\/wp-content\/uploads\/sites\/3\/2023\/11\/Monitores-HO2-Marco-2023.2-NOV-23.pdf\" target=\"_blank\" rel=\"noreferrer noopener\">Resultado Final \u2013 Prof. Marco Aur\u00e9lio Nisiide<\/a><\/p>\n\n\n\n<p><strong>Bases Farmacol\u00f3gicas da Terap\u00eautica (TLDM022)<\/strong><\/p>\n\n\n\n<p><a href=\"https:\/\/toledo.ufpr.br\/medicinatoledo\/wp-content\/uploads\/sites\/3\/2023\/10\/Edital-Monitoria-Bases-Farmacol%C3%B3gicas-da-Terap%C3%AAutica-II.pdf\" target=\"_blank\" rel=\"noreferrer noopener\">Edital de Inscri\u00e7\u00e3o<\/a>&nbsp;\u2013&nbsp;Per\u00edodo de Inscri\u00e7\u00e3o de 24\/10\/23 a 01\/11\/23 \u00e0s 17:00 hrs.<\/p>\n\n\n\n<p><a href=\"https:\/\/toledo.ufpr.br\/medicinatoledo\/wp-content\/uploads\/sites\/3\/2023\/11\/Resultado-Selecao-de-Monitores-Bases-Farmacologicas-da-Terapeutica-Assinado-1.pdf\" target=\"_blank\" rel=\"noreferrer noopener\">Resultado Final<\/a><\/p>\n\n\n\n<p><strong>Intera\u00e7\u00e3o em Sa\u00fade da Comunidade V&nbsp;(TLDM026)<\/strong><strong><br><\/strong><a href=\"https:\/\/toledo.ufpr.br\/medicinatoledo\/wp-content\/uploads\/sites\/3\/2023\/10\/PROCESSO-SELETIVO-PARA-MONITORIA-2023.2.pdf\" target=\"_blank\" rel=\"noreferrer noopener\">Edital de inscri\u00e7\u00e3o<\/a>&nbsp;\u2013 Inscri\u00e7\u00e3o:&nbsp;22\/10\/2023 a 26\/10\/2023<\/p>\n\n\n\n<p><a href=\"https:\/\/toledo.ufpr.br\/medicinatoledo\/wp-content\/uploads\/sites\/3\/2023\/10\/Classifica%C3%A7%C3%A3o-monitoria.pdf\" target=\"_blank\" rel=\"noreferrer noopener\">Resultado Final<\/a><\/p>\n\n\n\n<p><strong>Urg\u00eancias, Emerg\u00eancias e Procedimentos V (TLDM044)<\/strong><br><a href=\"https:\/\/toledo.ufpr.br\/medicinatoledo\/wp-content\/uploads\/sites\/3\/2023\/10\/2023_2_Edital_UEP-V_monitoria.docx.pdf\" target=\"_blank\" rel=\"noreferrer noopener\">Edital de inscri\u00e7\u00e3o<\/a>&nbsp;\u2013 Inscri\u00e7\u00e3o: 23\/10\/2023<\/p>\n\n\n\n<p><a href=\"https:\/\/toledo.ufpr.br\/medicinatoledo\/wp-content\/uploads\/sites\/3\/2023\/10\/Resultado_Monitoria-UEP-V_2023_2.pdf\" target=\"_blank\" rel=\"noreferrer noopener\">Resultado Final<\/a><\/p>\n\n\n\n<p><strong>Urg\u00eancias, Emerg\u00eancias e Procedimentos III (TLDM028)<\/strong><br><a href=\"https:\/\/toledo.ufpr.br\/medicinatoledo\/wp-content\/uploads\/sites\/3\/2023\/10\/2023_2_Edital_UEPIII_monitoria.pdf\" target=\"_blank\" rel=\"noreferrer noopener\">Edital de inscri\u00e7\u00e3o<\/a>&nbsp;\u2013 Inscri\u00e7\u00e3o: 23\/10\/2023<\/p>\n\n\n\n<p><a href=\"https:\/\/toledo.ufpr.br\/medicinatoledo\/wp-content\/uploads\/sites\/3\/2023\/10\/Resultado-de-Monitoria-UEP-III_2023_02.pdf\" target=\"_blank\" rel=\"noreferrer noopener\">Resultado Final<\/a><\/p>\n\n\n\n<hr class=\"wp-block-separator has-alpha-channel-opacity\" \/>\n\n\n\n<p><strong>MONITORIA \u2013 Sele\u00e7\u00e3o ano letivo 2023\/1:<\/strong><\/p>\n\n\n\n<p><strong>Intera\u00e7\u00e3o em Sa\u00fade da Comunidade V&nbsp;(TLDM026)<\/strong><strong><br><\/strong><a href=\"https:\/\/toledo.ufpr.br\/wp-content\/uploads\/2023\/06\/Sele%C3%A7%C3%A3o-Edital_monitores-ISC-V-2023-1.pdf\" target=\"_blank\" rel=\"noreferrer noopener\">Edital de inscri\u00e7\u00e3o<\/a>&nbsp;\u2013 Inscri\u00e7\u00e3o: 13\/06\/2023 a 15\/06\/2023.<\/p>\n\n\n\n<p><a href=\"https:\/\/toledo.ufpr.br\/wp-content\/uploads\/2023\/06\/classifica%C3%A7%C3%A3o-de-monitores.pdf\" target=\"_blank\" rel=\"noreferrer noopener\">Resultado Final<\/a><\/p>\n\n\n\n<p><strong>Processos Celulares&nbsp;(TLDM002) e Sistema Renal Gastrointestinal (TLDM003) \u2013 Anatomia<\/strong><\/p>\n\n\n\n<p><a href=\"https:\/\/toledo.ufpr.br\/wp-content\/uploads\/2022\/01\/Edital-monitoria-PC-e-SRG-2023-1.pdf\">Edital de inscri\u00e7\u00e3o<\/a>&nbsp;\u2013 Inscri\u00e7\u00e3o: 06\/06\/23 \u00e0 09\/06\/23<\/p>\n\n\n\n<p><a href=\"https:\/\/toledo.ufpr.br\/wp-content\/uploads\/2022\/01\/Edital-resultado-monitoria-PC-E-SRG-2023-1.pdf\">Resultado Final<\/a><\/p>\n\n\n\n<p><strong>Desenvolvimento I (TLDM007)&nbsp;&nbsp;\u2013 Anatomia<\/strong><\/p>\n\n\n\n<p><a href=\"https:\/\/toledo.ufpr.br\/wp-content\/uploads\/2022\/01\/Edital-monitoria-Desenvolvimento-I-2023-1.pdf\">Edital de inscri\u00e7\u00e3o<\/a>&nbsp;\u2013 Inscri\u00e7\u00e3o: 06\/06\/23 \u00e0 09\/06\/23<\/p>\n\n\n\n<p><a href=\"https:\/\/toledo.ufpr.br\/wp-content\/uploads\/2022\/01\/Edital-resultado-monitoria-DI-2023-1.pdf\">Resultado Final<\/a><\/p>\n\n\n\n<p><strong>Sistema Cardiopulmonar Hematopoese&nbsp;(TLDM008)&nbsp;&nbsp;\u2013 Anatomia<\/strong><\/p>\n\n\n\n<p><a href=\"https:\/\/toledo.ufpr.br\/wp-content\/uploads\/2022\/01\/Edital-monitoria-SCPH-2023-1.pdf\">Edital de inscri\u00e7\u00e3o<\/a>&nbsp;\u2013 Inscri\u00e7\u00e3o: 06\/06\/23 \u00e0 09\/06\/23<\/p>\n\n\n\n<p><a href=\"https:\/\/toledo.ufpr.br\/wp-content\/uploads\/2022\/01\/Edital-resultado-monitoria-SCPH-2023-1.pdf\">Resultado Final<\/a><\/p>\n\n\n\n<p><strong>Intera\u00e7\u00e3o em Sa\u00fade da Comunidade III (TLDM012)<br><\/strong><a href=\"https:\/\/toledo.ufpr.br\/wp-content\/uploads\/2023\/06\/Sele%C3%A7%C3%A3o-Edital_monitores-ISC-III-2023-1.pdf\" target=\"_blank\" rel=\"noreferrer noopener\">Edital de inscri\u00e7\u00e3o<\/a>&nbsp;\u2013 Inscri\u00e7\u00e3o: 05\/06\/23 \u00e0 09\/06\/23<\/p>\n\n\n\n<p><a href=\"https:\/\/toledo.ufpr.br\/wp-content\/uploads\/2022\/01\/Resultado_Monitoria-ISC-3-2023-1_divulgar.pdf\">Resultado Final<\/a><\/p>\n\n\n\n<p><strong>Urg\u00eancias, Emerg\u00eancias e Procedimentos III (TLDM028)<\/strong><\/p>\n\n\n\n<p><a href=\"https:\/\/toledo.ufpr.br\/wp-content\/uploads\/2023\/05\/2023_1_Edital_UEPIII_monitoria.pdf\" target=\"_blank\" rel=\"noreferrer noopener\">Edital de Inscri\u00e7\u00e3o<\/a>&nbsp;\u2013&nbsp;Per\u00edodo de Inscri\u00e7\u00e3o 05\/06\/2023.<\/p>\n\n\n\n<p><a href=\"https:\/\/toledo.ufpr.br\/wp-content\/uploads\/2022\/01\/Resultado-de-Monitoria-UEP-III_2023_01.pdf\">Resultado Final<\/a><\/p>\n\n\n\n<p><strong>Urg\u00eancias, Emerg\u00eancias e Procedimentos V (TLDM044)<\/strong><\/p>\n\n\n\n<p><a href=\"https:\/\/toledo.ufpr.br\/wp-content\/uploads\/2023\/05\/2023_1_Edital_UEP-V_monitoria.pdf\" target=\"_blank\" rel=\"noreferrer noopener\">Edital de Inscri\u00e7\u00e3o&nbsp;<\/a>\u2013&nbsp;Per\u00edodo de Inscri\u00e7\u00e3o 05\/06\/2023.<\/p>\n\n\n\n<p><a href=\"https:\/\/toledo.ufpr.br\/wp-content\/uploads\/2022\/01\/Resultado_Monitoria-UEP-V_2023_1.docx.pdf\">Resultado Final<\/a><\/p>\n\n\n\n<p><strong>Imers\u00e3o em ECG (disciplina optativa) \u2013 (TLDM104)<\/strong><\/p>\n\n\n\n<p><a href=\"https:\/\/toledo.ufpr.br\/wp-content\/uploads\/2023\/05\/2023_1_Edital_IMERS%C3%83O-EM-ECG_monitoria.pdf\" target=\"_blank\" rel=\"noreferrer noopener\">Edital de Inscri\u00e7\u00e3o<\/a><a href=\"https:\/\/toledo.ufpr.br\/wp-content\/uploads\/2023\/05\/2023_1_Edital_UEP-V_monitoria.pdf\" target=\"_blank\" rel=\"noreferrer noopener\">&nbsp;<\/a>\u2013&nbsp;Per\u00edodo de Inscri\u00e7\u00e3o 05\/06\/2023.<\/p>\n\n\n\n<p><a href=\"https:\/\/toledo.ufpr.br\/wp-content\/uploads\/2022\/01\/2023_01_Resultado-de-Monitoria-ECG.pdf\">Resultado Final<\/a><\/p>\n\n\n\n<p><strong>Habilidades Operat\u00f3rias I (TLDM043)<\/strong><\/p>\n\n\n\n<p><a href=\"https:\/\/toledo.ufpr.br\/wp-content\/uploads\/2023\/05\/Edital-monitoria-HO1-Marco-Rafa-JUN-2023.pdf\" target=\"_blank\" rel=\"noreferrer noopener\">Edital de Inscri\u00e7\u00e3o<\/a>&nbsp;\u2013&nbsp;Per\u00edodo de Inscri\u00e7\u00e3o de 25\/05\/2023 a 30\/05\/2023.<\/p>\n\n\n\n<p><strong>Habilidades Operat\u00f3rias II (TLDM053)<\/strong><\/p>\n\n\n\n<p><a href=\"https:\/\/toledo.ufpr.br\/wp-content\/uploads\/2023\/05\/Edital-monitoria-HO2-Marco-Rafa-JUN-2023.pdf\" target=\"_blank\" rel=\"noreferrer noopener\">Edital de Inscri\u00e7\u00e3o<\/a>&nbsp;\u2013&nbsp;Per\u00edodo de Inscri\u00e7\u00e3o de 25\/05\/2023 a 30\/05\/2023.<\/p>\n\n\n\n<p><strong>Urg\u00eancias, Emerg\u00eancias e Procedimentos II&nbsp; (TLDM020)<\/strong><\/p>\n\n\n\n<p><a href=\"https:\/\/toledo.ufpr.br\/wp-content\/uploads\/2023\/06\/Edital-sele%C3%A7%C3%A3o-de-monitores-em-UEP-II-2023.pdf\" target=\"_blank\" rel=\"noreferrer noopener\">Edital de Inscri\u00e7\u00e3o<\/a>&nbsp;\u2013&nbsp;Per\u00edodo de Inscri\u00e7\u00e3o de 23\/05\/23 a 30\/05\/23.<\/p>\n\n\n\n<p><a href=\"https:\/\/toledo.ufpr.br\/wp-content\/uploads\/2023\/06\/Edital-selec%CC%A7a%CC%83o-de-monitores-em-UEP-II-2023-resultado.pdf\" target=\"_blank\" rel=\"noreferrer noopener\">Resultado Final<\/a><\/p>\n\n\n\n<p class=\"has-text-align-right\">Atualizado 05\/09\/2024<\/p>\n","protected":false},"excerpt":{"rendered":"<p>MONITORIA \u2013 Sele\u00e7\u00e3o ano letivo 2023\/2: Habilidades M\u00e9dicas III (Anatomia \u2013 TLDM013) Edital de inscri\u00e7\u00e3o&nbsp;\u2013 [&hellip;]<\/p>\n","protected":false},"author":2804,"featured_media":0,"parent":0,"menu_order":0,"comment_status":"closed","ping_status":"closed","template":"","meta":{"ngg_post_thumbnail":0,"footnotes":""},"class_list":["post-7566","page","type-page","status-publish","hentry"],"_links":{"self":[{"href":"https:\/\/toledo.ufpr.br\/medicinatoledo\/wp-json\/wp\/v2\/pages\/7566","targetHints":{"allow":["GET"]}}],"collection":[{"href":"https:\/\/toledo.ufpr.br\/medicinatoledo\/wp-json\/wp\/v2\/pages"}],"about":[{"href":"https:\/\/toledo.ufpr.br\/medicinatoledo\/wp-json\/wp\/v2\/types\/page"}],"author":[{"embeddable":true,"href":"https:\/\/toledo.ufpr.br\/medicinatoledo\/wp-json\/wp\/v2\/users\/2804"}],"replies":[{"embeddable":true,"href":"https:\/\/toledo.ufpr.br\/medicinatoledo\/wp-json\/wp\/v2\/comments?post=7566"}],"version-history":[{"count":1,"href":"https:\/\/toledo.ufpr.br\/medicinatoledo\/wp-json\/wp\/v2\/pages\/7566\/revisions"}],"predecessor-version":[{"id":7567,"href":"https:\/\/toledo.ufpr.br\/medicinatoledo\/wp-json\/wp\/v2\/pages\/7566\/revisions\/7567"}],"wp:attachment":[{"href":"https:\/\/toledo.ufpr.br\/medicinatoledo\/wp-json\/wp\/v2\/media?parent=7566"}],"curies":[{"name":"wp","href":"https:\/\/api.w.org\/{rel}","templated":true}]}}