{"id":6643,"date":"2023-10-05T13:31:59","date_gmt":"2023-10-05T16:31:59","guid":{"rendered":"https:\/\/toledo.ufpr.br\/medicinatoledo\/?page_id=6643"},"modified":"2025-05-09T10:53:05","modified_gmt":"2025-05-09T13:53:05","slug":"cancelamento-de-registro-academico","status":"publish","type":"page","link":"https:\/\/toledo.ufpr.br\/medicinatoledo\/cancelamento-de-registro-academico\/","title":{"rendered":"&#x1f393; Cancelamento de Registro Acad\u00eamico"},"content":{"rendered":"<p><a href=\"https:\/\/toledo.ufpr.br\/medicinatoledo\/wp-content\/uploads\/sites\/3\/2025\/05\/Res-37-97-CEPE-atividades-academicas-alterada-pela-Res.-10-19-CEPE.pdf\" target=\"_blank\" rel=\"noopener\">(Resolu\u00e7\u00e3o n\u00ba 37\/97-CEPE, Art. 33)<\/a><\/p>\n<p>Se voc\u00ea deseja cancelar seu registro acad\u00eamico (matr\u00edcula) na UFPR, siga atentamente as orienta\u00e7\u00f5es abaixo:<\/p>\n<hr \/>\n<p>&#x1f4c4; <strong>1. Preencha o Formul\u00e1rio:<\/strong><\/p>\n<p>Acesse o formul\u00e1rio de cancelamento, preencha todos os campos obrigat\u00f3rios e imprima.<\/p>\n<p>&#x1f517; <a href=\"https:\/\/toledo.ufpr.br\/medicinatoledo\/wp-content\/uploads\/sites\/3\/2025\/05\/Requerimento-de-cancelamento-de-registro-1.pdf\" target=\"_blank\" rel=\"noopener\">Clique aqui para acessar o formul\u00e1rio<\/a><\/p>\n<hr \/>\n<p>&#x270d;&#xfe0f; <strong>2. Assine e Digitalize.<\/strong><\/p>\n<p>Assine o formul\u00e1rio preenchido e digitalize-o em formato <strong>PDF<\/strong>.<\/p>\n<hr \/>\n<p>&#x1f9fe; <strong>3. Separe a Documenta\u00e7\u00e3o.<\/strong><\/p>\n<p>Prepare tamb\u00e9m uma <strong>c\u00f3pia digitalizada (PDF)<\/strong> de um <strong>documento oficial de identifica\u00e7\u00e3o com foto<\/strong> (RG, CNH, passaporte etc.).<\/p>\n<hr \/>\n<p>&#x1f4e7; <strong>4. Envie para a Secretaria Acad\u00eamica.<\/strong><\/p>\n<p>Envie os dois arquivos (formul\u00e1rio assinado e documento de identidade) para:<\/p>\n<p>&#x1f449; <a href=\"mailto:secretariaacademicatl@ufpr.br\">secretariaacademicatl@ufpr.br<\/a><\/p>\n<p>&#x26a0;&#xfe0f; <strong>Importante:<\/strong> Solicita\u00e7\u00f5es incompletas ou enviadas em formato diferente de PDF <strong>n\u00e3o ser\u00e3o processadas.<\/strong><\/p>\n<hr \/>\n<p style=\"text-align: right\">Atualizado em 08\/05\/25.<\/p>\n","protected":false},"excerpt":{"rendered":"<p>(Resolu\u00e7\u00e3o n\u00ba 37\/97-CEPE, Art. 33) Se voc\u00ea deseja cancelar seu registro acad\u00eamico (matr\u00edcula) na UFPR, [&hellip;]<\/p>\n","protected":false},"author":2798,"featured_media":0,"parent":0,"menu_order":0,"comment_status":"closed","ping_status":"closed","template":"","meta":{"ngg_post_thumbnail":0,"footnotes":""},"class_list":["post-6643","page","type-page","status-publish","hentry"],"_links":{"self":[{"href":"https:\/\/toledo.ufpr.br\/medicinatoledo\/wp-json\/wp\/v2\/pages\/6643","targetHints":{"allow":["GET"]}}],"collection":[{"href":"https:\/\/toledo.ufpr.br\/medicinatoledo\/wp-json\/wp\/v2\/pages"}],"about":[{"href":"https:\/\/toledo.ufpr.br\/medicinatoledo\/wp-json\/wp\/v2\/types\/page"}],"author":[{"embeddable":true,"href":"https:\/\/toledo.ufpr.br\/medicinatoledo\/wp-json\/wp\/v2\/users\/2798"}],"replies":[{"embeddable":true,"href":"https:\/\/toledo.ufpr.br\/medicinatoledo\/wp-json\/wp\/v2\/comments?post=6643"}],"version-history":[{"count":8,"href":"https:\/\/toledo.ufpr.br\/medicinatoledo\/wp-json\/wp\/v2\/pages\/6643\/revisions"}],"predecessor-version":[{"id":8695,"href":"https:\/\/toledo.ufpr.br\/medicinatoledo\/wp-json\/wp\/v2\/pages\/6643\/revisions\/8695"}],"wp:attachment":[{"href":"https:\/\/toledo.ufpr.br\/medicinatoledo\/wp-json\/wp\/v2\/media?parent=6643"}],"curies":[{"name":"wp","href":"https:\/\/api.w.org\/{rel}","templated":true}]}}