{"id":6552,"date":"2023-10-03T13:02:26","date_gmt":"2023-10-03T16:02:26","guid":{"rendered":"https:\/\/toledo.ufpr.br\/medicinatoledo\/?page_id=6552"},"modified":"2026-03-03T08:53:03","modified_gmt":"2026-03-03T11:53:03","slug":"representantes-de-turma","status":"publish","type":"page","link":"https:\/\/toledo.ufpr.br\/medicinatoledo\/representantes-de-turma\/","title":{"rendered":"Representantes de Turma"},"content":{"rendered":"\n<div class=\"wp-block-group\"><div class=\"wp-block-group__inner-container is-layout-constrained wp-block-group-is-layout-constrained\">\n<p class=\"has-text-align-center\"><strong>Semestre letivo vigente: 1\u00ba Semestre de 2026<\/strong><\/p>\n\n\n\n<figure class=\"wp-block-table\"><table class=\"has-fixed-layout\"><tbody><tr><td><strong>Turma&nbsp;<\/strong><\/td><td><strong>Representante&nbsp;<\/strong><\/td><td><strong>Suplente<\/strong><\/td><\/tr><tr><td>T10<strong> (12\u00baP)<\/strong><\/td><td><\/td><td><\/td><\/tr><tr><td>T11 <strong>(11\u00baP)<\/strong><\/td><td>Giovanna Cracco de Souza<\/td><td>Igor Miguel Pinkoski<\/td><\/tr><tr><td>T12<strong> (10\u00baP)<\/strong><\/td><td>Milena Scoz<\/td><td>Renata Dutra Francisco<\/td><\/tr><tr><td>T13<strong> (9\u00baP)<\/strong><\/td><td>Mariana dos Santos Cortez<\/td><td>Tha\u00eds Barbosa Mour\u00e3o Gomes<\/td><\/tr><tr><td>T14<strong> (8\u00baP)<\/strong><\/td><td>Mariana Bomfim dos Reis<\/td><td><\/td><\/tr><tr><td>T15<strong> (7\u00baP)<\/strong><\/td><td>Rafael Bernardi Beninca<\/td><td>Cl\u00e1udio Guilherme Camargo Leite Sanches<\/td><\/tr><tr><td>T16<strong> (6\u00baP)<\/strong><\/td><td><\/td><td><\/td><\/tr><tr><td>T17 <strong>(5\u00baP)<\/strong><\/td><td>Raphael Dutkas de Lima Cerqueira<\/td><td>Vin\u00edcius Cabral Gimenes&nbsp;<\/td><\/tr><tr><td>T18<strong> (4\u00baP)<\/strong><\/td><td>Kaliane de Mari Ortiz<\/td><td>Elisa Cardoso Salmasi<\/td><\/tr><tr><td>T19<strong> (3\u00baP)<\/strong><\/td><td>Jo\u00e3o Guilherme Massatoshi Akiyama<\/td><td>Clara Morais Oliveira<\/td><\/tr><tr><td>T20<strong> (2\u00baP)<\/strong><\/td><td>Maria Clara Pacheco Marques<\/td><td>Lucas Rasini<\/td><\/tr><tr><td>T21<strong> (1\u00baP)<\/strong><\/td><td>Jo\u00e3o Marcelo do Nascimento Silva<\/td><td>Sofia Maiara Feiden da Costa<\/td><\/tr><\/tbody><\/table><\/figure>\n<\/div><\/div>\n\n\n\n<p><strong><mark style=\"background-color:#ffffff\" class=\"has-inline-color has-vivid-red-color\">INFORMA\u00c7\u00d5ES IMPORTANTES:<\/mark><\/strong><\/p>\n\n\n\n<p>&#x2666;&nbsp;<strong>A partir dos semestres letivos de 2022<\/strong>, todo in\u00edcio de semestre a secretaria acad\u00eamica ir\u00e1 realizar a emiss\u00e3o autom\u00e1tica dos certificados dos representantes de turma do semestre anterior.<\/p>\n\n\n\n<p>&#x2666;Ser\u00e3o emitidos certificados <strong>EXCLUSIVAMENTE<\/strong> aos alunos que <strong>MANIFESTARAM FORMALMENTE<\/strong>, por meio do <strong>E-MAIL INSTITUCIONAL<\/strong>, o interesse na <strong>REPRESENTA\u00c7\u00c3O<\/strong>, ainda no <strong>IN\u00cdCIO DO SEMESTRE DE ATUA\u00c7\u00c3O<\/strong>.<\/p>\n\n\n\n<p>Ressalta-se que <strong>N\u00c3O SER\u00c3O EMITIDOS CERTIFICADOS<\/strong> aos discentes que <strong>N\u00c3O REALIZARAM A MANIFESTA\u00c7\u00c3O FORMAL POR E-MAIL<\/strong> no <strong>IN\u00cdCIO DO SEMESTRE VIGENTE<\/strong>.<\/p>\n\n\n\n<p>&#x2666; Para o semestre letivo que findou <strong>(2025.2)<\/strong> todos os certificados j\u00e1 foram emitidos e encaminhados para o <strong>e-mail da @UFPR<\/strong> cadastrado no SIGA.<\/p>\n\n\n\n<p>\u00bb As solicita\u00e7\u00f5es de certificado de representante de turma referentes a semestres anteriores <strong>(a partir de 2022)<\/strong><strong> <\/strong>devem ser encaminhadas para o e-mail da secretaria acad\u00eamica\u00a0(<a href=\"mailto:secretariaacademicatl@ufpr.br\" target=\"_blank\" rel=\"noreferrer noopener\">secretariaacademicatl@ufpr.br<\/a>), contendo:<\/p>\n\n\n\n<ol class=\"wp-block-list\">\n<li><em>Nome completo do representante<\/em><\/li>\n\n\n\n<li><em>GRR<\/em><\/li>\n\n\n\n<li><em>N\u00famero da turma<\/em><\/li>\n\n\n\n<li><em>Per\u00edodo que se encontrava matriculado<\/em><\/li>\n\n\n\n<li><em>Semestre e ano letivo da representa\u00e7\u00e3o<\/em><\/li>\n<\/ol>\n\n\n\n<p><strong>&#x2666; Mesmo os certificados retroativos s\u00f3 ser\u00e3o emitidos no in\u00edcio de cada semestre<\/strong>.<\/p>\n\n\n\n<p><\/p>\n\n\n\n<p class=\"has-text-align-right\">Atualizado em 02\/03\/26.<\/p>\n","protected":false},"excerpt":{"rendered":"<p>Semestre letivo vigente: 1\u00ba Semestre de 2026 Turma&nbsp; Representante&nbsp; Suplente T10 (12\u00baP) T11 (11\u00baP) Giovanna [&hellip;]<\/p>\n","protected":false},"author":2793,"featured_media":0,"parent":0,"menu_order":0,"comment_status":"closed","ping_status":"closed","template":"","meta":{"ngg_post_thumbnail":0,"footnotes":""},"class_list":["post-6552","page","type-page","status-publish","hentry"],"_links":{"self":[{"href":"https:\/\/toledo.ufpr.br\/medicinatoledo\/wp-json\/wp\/v2\/pages\/6552","targetHints":{"allow":["GET"]}}],"collection":[{"href":"https:\/\/toledo.ufpr.br\/medicinatoledo\/wp-json\/wp\/v2\/pages"}],"about":[{"href":"https:\/\/toledo.ufpr.br\/medicinatoledo\/wp-json\/wp\/v2\/types\/page"}],"author":[{"embeddable":true,"href":"https:\/\/toledo.ufpr.br\/medicinatoledo\/wp-json\/wp\/v2\/users\/2793"}],"replies":[{"embeddable":true,"href":"https:\/\/toledo.ufpr.br\/medicinatoledo\/wp-json\/wp\/v2\/comments?post=6552"}],"version-history":[{"count":34,"href":"https:\/\/toledo.ufpr.br\/medicinatoledo\/wp-json\/wp\/v2\/pages\/6552\/revisions"}],"predecessor-version":[{"id":10378,"href":"https:\/\/toledo.ufpr.br\/medicinatoledo\/wp-json\/wp\/v2\/pages\/6552\/revisions\/10378"}],"wp:attachment":[{"href":"https:\/\/toledo.ufpr.br\/medicinatoledo\/wp-json\/wp\/v2\/media?parent=6552"}],"curies":[{"name":"wp","href":"https:\/\/api.w.org\/{rel}","templated":true}]}}