{"id":6510,"date":"2023-10-03T12:33:19","date_gmt":"2023-10-03T15:33:19","guid":{"rendered":"https:\/\/toledo.ufpr.br\/medicinatoledo\/?page_id=6510"},"modified":"2025-08-25T16:15:04","modified_gmt":"2025-08-25T19:15:04","slug":"trabalho-de-curso-tc","status":"publish","type":"page","link":"https:\/\/toledo.ufpr.br\/medicinatoledo\/trabalho-de-curso-tc\/","title":{"rendered":"Trabalho de Curso (TC)"},"content":{"rendered":"<p>Coordenador: <span data-olk-copy-source=\"MessageBody\">Profa. K\u00c1DIMA NAYARA TEIXEIRA<\/span><\/p>\n<p>Vice Coordenadora: <span data-olk-copy-source=\"MessageBody\">Profa. PRISCILA SOARES OLIVEIRA<\/span><\/p>\n<p>Designa\u00e7\u00e3o da Coordena\u00e7\u00e3o de TC: <a href=\"https:\/\/toledo.ufpr.br\/medicinatoledo\/wp-content\/uploads\/sites\/3\/2025\/08\/eddaf676-005d-4767-b0bc-381a6dd7924b.pdf\" target=\"_blank\" rel=\"noopener\">Portaria N\u00ba 25\/25<\/a><\/p>\n<p>O&nbsp;<strong>Trabalho de Curso (TC)<\/strong>&nbsp;\u00e9 uma exig\u00eancia curricular na forma\u00e7\u00e3o acad\u00eamica e profissional do Curso de Medicina do Campus Toledo.<\/p>\n<p>S\u00e3o os objetivos da elabora\u00e7\u00e3o do TC:<\/p>\n<ol>\n<li>Integrar o conhecimento apropriado e produzido durante o curso, aplicando-o mediante tem\u00e1tica escolhida e apresentada segundo as normas da metodologia cient\u00edfica, assegurando o dom\u00ednio das formas de investiga\u00e7\u00e3o bibliogr\u00e1fica e de documenta\u00e7\u00e3o, da pesquisa de campo, da reda\u00e7\u00e3o, da apresenta\u00e7\u00e3o final de projeto e da defesa p\u00fablica e verbal.<\/li>\n<li>Possibilitar a avalia\u00e7\u00e3o global da pr\u00e1tica necess\u00e1ria ao aluno para que, uma vez graduado, possa atuar com as compet\u00eancias e habilidades necess\u00e1rias ao seu desempenho.<\/li>\n<li>Oportunizar aos alunos um espa\u00e7o de pesquisa na \u00e1rea da sa\u00fade como parte integrante de sua forma\u00e7\u00e3o, culminando em elabora\u00e7\u00e3o de trabalho monogr\u00e1fico ou em formato de artigo.<\/li>\n<li>Possibilitar a realiza\u00e7\u00e3o de produ\u00e7\u00e3o te\u00f3rica e cr\u00edtica na \u00e1rea de forma\u00e7\u00e3o.<\/li>\n<\/ol>\n<p><a href=\"https:\/\/toledo.ufpr.br\/medicinatoledo\/wp-content\/uploads\/sites\/3\/2023\/10\/Regulamento-TC-2023.pdf\">REGULAMENTO DO TRABALHO DE CURSO<\/a><\/p>\n<p><a href=\"https:\/\/toledo.ufpr.br\/wp-content\/uploads\/2022\/02\/Fluxo-TC.pdf\">FLUXO TRABALHO DE CURSO<\/a><\/p>\n<p><strong><span style=\"color: #1c5e1c\">Templates de Projetos de Pesquisa<\/span><\/strong><\/p>\n<p><a href=\"https:\/\/toledo.ufpr.br\/medicinatoledo\/wp-content\/uploads\/sites\/3\/2024\/08\/TCI_-Template_Projeto-de-Pesquisa_CEP.docx\" target=\"_blank\" rel=\"noopener\">TCI Template Projeto de Pesquisa CEP<\/a><\/p>\n<p><a href=\"https:\/\/toledo.ufpr.br\/medicinatoledo\/wp-content\/uploads\/sites\/3\/2024\/08\/TCI_Template_Projeto_de_Pesquisa.docx\" target=\"_blank\" rel=\"noopener\">TCI Template Projeto de Pesquisa<\/a><\/p>\n<p><a href=\"https:\/\/toledo.ufpr.br\/medicinatoledo\/wp-content\/uploads\/sites\/3\/2024\/08\/TCIII_-Template_Trabalho-de-Conclusao-Final.doc\" target=\"_blank\" rel=\"noopener\">TCIII Template Trabalho de Conclus\u00e3o Final<\/a><\/p>\n<p><span style=\"color: #1c5e1c\"><strong>Reposit\u00f3rio TCs Medicina Toledo<\/strong><\/span><\/p>\n<p><a href=\"https:\/\/acervodigital.ufpr.br\/xmlui\/handle\/1884\/71936\" target=\"_blank\" rel=\"noopener\">TCs Medicina<\/a><\/p>\n<p><strong><span style=\"color: #1c5e1c\">P\u00e1gina do Comit\u00ea de \u00c9tica em Pesquisa &#8211; Documentos necess\u00e1rios para autoriza\u00e7\u00e3o<\/span><\/strong><\/p>\n<p><a href=\"https:\/\/saude.ufpr.br\/cometica\/documentos-obrigatorios-modelos-copiar-colar\/\" target=\"_blank\" rel=\"noopener\">https:\/\/saude.ufpr.br\/cometica\/documentos-obrigatorios-modelos-copiar-colar\/<\/a><\/p>\n<p><span style=\"color: #1c5e1c\">P<strong>\u00e1gina da Plataforma Brasil (para submiss\u00e3o de projetos envolvendo seres humanos)<\/strong><\/span><\/p>\n<p><a href=\"https:\/\/plataformabrasil.saude.gov.br\/login.jsf\" target=\"_blank\" rel=\"noopener\">https:\/\/plataformabrasil.saude.gov.br\/login.jsf<\/a><\/p>\n<p><strong><span style=\"color: #1c5e1c\">P\u00e1gina do Comiss\u00e3o de \u00c9tica no Uso de Animais<\/span><\/strong><br \/>\n<a href=\"https:\/\/bio.ufpr.br\/ceua\/\" target=\"_blank\" rel=\"noopener\">https:\/\/bio.ufpr.br\/ceua\/<\/a><\/p>\n<p><strong><span style=\"color: #1c5e1c\">Principais Bases de dados em Sa\u00fade<\/span><\/strong><\/p>\n<ol>\n<li>Scielo:<br \/>\n<a href=\"https:\/\/search.scielo.org\/?lang=pt\" target=\"_blank\" rel=\"noopener\">https:\/\/search.scielo.org\/?lang=pt<\/a><\/li>\n<li>Biblioteca Cochrane:<br \/>\n<a href=\"https:\/\/www.cochranelibrary.com\/\" target=\"_blank\" rel=\"noopener\">https:\/\/www.cochranelibrary.com\/<\/a><\/li>\n<li>Scopus:<br \/>\n<a href=\"https:\/\/www.elsevier.com\/pt-br\/products\/scopus\" target=\"_blank\" rel=\"noopener\">https:\/\/www.elsevier.com\/pt-br\/products\/scopus<\/a><\/li>\n<li>PEDro:<br \/>\n<a href=\"https:\/\/pedro.org.au\/portuguese\/\" target=\"_blank\" rel=\"noopener\">https:\/\/pedro.org.au\/portuguese\/<\/a><\/li>\n<li>Medline:<br \/>\n<a href=\"https:\/\/www.nlm.nih.gov\/medline\/medline_home.html\" target=\"_blank\" rel=\"noopener\">https:\/\/www.nlm.nih.gov\/medline\/medline_home.html<\/a><\/li>\n<li>Peri\u00f3dicos CAPES<br \/>\n<a href=\"https:\/\/www-periodicos-capes-gov-br.ez22.periodicos.capes.gov.br\/index.php\" target=\"_blank\" rel=\"noopener\">https:\/\/www-periodicos-capes-gov-br.ez22.periodicos.capes.gov.br\/index.php<\/a><\/li>\n<li>LILACS:<br \/>\n<a href=\"https:\/\/lilacs.bvsalud.org\/\" target=\"_blank\" rel=\"noopener\">https:\/\/lilacs.bvsalud.org\/<\/a><\/li>\n<li>PubMed:<br \/>\n<a href=\"https:\/\/pubmed.ncbi.nlm.nih.gov\/\" target=\"_blank\" rel=\"noopener\">https:\/\/pubmed.ncbi.nlm.nih.gov\/<\/a><\/li>\n<li>BVS:<br \/>\n<a href=\"https:\/\/pesquisa.bvsalud.org\/portal\/advanced\/\" target=\"_blank\" rel=\"noopener\">https:\/\/pesquisa.bvsalud.org\/portal\/advanced\/<\/a><\/li>\n<\/ol>\n<p style=\"text-align: right\">Atualizado em 19\/09\/2024<\/p>\n","protected":false},"excerpt":{"rendered":"<p>Coordenador: Profa. K\u00c1DIMA NAYARA TEIXEIRA Vice Coordenadora: Profa. PRISCILA SOARES OLIVEIRA Designa\u00e7\u00e3o da Coordena\u00e7\u00e3o de [&hellip;]<\/p>\n","protected":false},"author":2793,"featured_media":0,"parent":0,"menu_order":0,"comment_status":"closed","ping_status":"closed","template":"","meta":{"ngg_post_thumbnail":0,"footnotes":""},"class_list":["post-6510","page","type-page","status-publish","hentry"],"_links":{"self":[{"href":"https:\/\/toledo.ufpr.br\/medicinatoledo\/wp-json\/wp\/v2\/pages\/6510","targetHints":{"allow":["GET"]}}],"collection":[{"href":"https:\/\/toledo.ufpr.br\/medicinatoledo\/wp-json\/wp\/v2\/pages"}],"about":[{"href":"https:\/\/toledo.ufpr.br\/medicinatoledo\/wp-json\/wp\/v2\/types\/page"}],"author":[{"embeddable":true,"href":"https:\/\/toledo.ufpr.br\/medicinatoledo\/wp-json\/wp\/v2\/users\/2793"}],"replies":[{"embeddable":true,"href":"https:\/\/toledo.ufpr.br\/medicinatoledo\/wp-json\/wp\/v2\/comments?post=6510"}],"version-history":[{"count":12,"href":"https:\/\/toledo.ufpr.br\/medicinatoledo\/wp-json\/wp\/v2\/pages\/6510\/revisions"}],"predecessor-version":[{"id":9417,"href":"https:\/\/toledo.ufpr.br\/medicinatoledo\/wp-json\/wp\/v2\/pages\/6510\/revisions\/9417"}],"wp:attachment":[{"href":"https:\/\/toledo.ufpr.br\/medicinatoledo\/wp-json\/wp\/v2\/media?parent=6510"}],"curies":[{"name":"wp","href":"https:\/\/api.w.org\/{rel}","templated":true}]}}