{"id":6492,"date":"2023-10-03T12:19:38","date_gmt":"2023-10-03T15:19:38","guid":{"rendered":"https:\/\/toledo.ufpr.br\/medicinatoledo\/?page_id=6492"},"modified":"2026-02-13T10:36:34","modified_gmt":"2026-02-13T13:36:34","slug":"coordenacao-de-modulos","status":"publish","type":"page","link":"https:\/\/toledo.ufpr.br\/medicinatoledo\/coordenacao-de-modulos\/","title":{"rendered":"Coordena\u00e7\u00e3o dos M\u00f3dulos"},"content":{"rendered":"\n<p><strong>&nbsp;1\u00ba Semestre de 2026<\/strong>.<\/p>\n\n\n<h4>\u00a0<\/h4>\n\n\n<p class=\"has-text-align-right\"><\/p>\n\n\n\n<p><strong>1\u00ba Per\u00edodo<\/strong><strong><\/strong><\/p>\n\n\n\n<figure class=\"wp-block-table\"><table class=\"has-fixed-layout\"><tbody><tr><td><strong>Disciplina\/m\u00f3dulo<\/strong><strong><\/strong><\/td><td><strong>&nbsp;C\u00f3digo<\/strong><strong><\/strong><\/td><td><strong>Professor(a) Coordenador(a)<\/strong><strong><\/strong><\/td><\/tr><tr><td>Introdu\u00e7\u00e3o ao Estudo da Medicina<\/td><td>TLDM001<\/td><td>Naura Tonin Angonese<\/td><\/tr><tr><td>Processos Celulares e Metab\u00f3licos<\/td><td>TLDM124<\/td><td>K\u00e1dima Nayara Teixeira<\/td><\/tr><tr><td>Princ\u00edpios de Anatomia e Fisiologia<\/td><td>TLDM125<\/td><td>Heloisa Deola Confortim \/ Marcelo Alves de Souza<\/td><\/tr><tr><td>Intera\u00e7\u00e3o e Sa\u00fade da Comunidade I<\/td><td>TLDM126<\/td><td>Jessica Cristina Ruths<\/td><\/tr><tr><td>Habilidades M\u00e9dicas I<\/td><td>TLDM127<\/td><td>Eluan Joel Rodrigues da Silva<\/td><\/tr><tr><td>Introdu\u00e7\u00e3o \u00e0 Extens\u00e3o Universit\u00e1ria<\/td><td>TLDM128<\/td><td>Alcantara Ramos de Assis Cesar<\/td><\/tr><\/tbody><\/table><\/figure>\n\n\n\n<p><strong>2\u00ba Per\u00edodo<\/strong><strong><\/strong><\/p>\n\n\n\n<figure class=\"wp-block-table\"><table class=\"has-fixed-layout\"><tbody><tr><td><strong>Disciplina\/m\u00f3dulo<\/strong><strong><\/strong><\/td><td><strong>C\u00f3digo<\/strong><strong><\/strong><\/td><td><strong>&nbsp;&nbsp;&nbsp;&nbsp;Professor(a) Coordenador(a)<\/strong><strong><\/strong><\/td><\/tr><tr><td>M\u00f3dulo Integrador<\/td><td>TLDM011<\/td><td>Francielle Brustolin de Lima Simch<\/td><\/tr><tr><td>Epidemiologia \u2013 M\u00e9todos Quantitativos em Sa\u00fade<\/td><td>TLDM017<\/td><td>&nbsp;&nbsp;&nbsp;Mauricio Bedim dos Santos<\/td><\/tr><tr><td>Sistema Cardiopulmonar e Hematopoese<\/td><td>TLDM129<\/td><td>&nbsp;&nbsp;&nbsp;&nbsp;Ana Carla Zarpelon Schutz<\/td><\/tr><tr><td>Intera\u00e7\u00e3o e Sa\u00fade da Comunidade II<\/td><td>TLDM130<\/td><td>Francielle Brustolin de Lima Simch<\/td><\/tr><tr><td>Habilidades M\u00e9dicas II<\/td><td>TLDM131<\/td><td>&nbsp;Matheus Darouych Scaff Pereira<\/td><\/tr><tr><td>Agentes Agressores e Mecanismos de Defesa I<\/td><td>TLDM132<\/td><td>&nbsp;&nbsp;&nbsp;&nbsp;Juliana Bernardi Wenzel<\/td><\/tr><tr><td>Semiot\u00e9cnica<\/td><td>TLDM133 &nbsp;&nbsp;<\/td><td>&nbsp;&nbsp;&nbsp;&nbsp;S\u00f4nia Mara de Andrade<\/td><\/tr><\/tbody><\/table><\/figure>\n\n\n\n<p>&nbsp;<strong>3\u00ba Per\u00edodo<\/strong><strong><\/strong><\/p>\n\n\n\n<figure class=\"wp-block-table\"><table class=\"has-fixed-layout\"><tbody><tr><td><strong>Disciplina\/m\u00f3dulo<\/strong><strong><\/strong><\/td><td><strong>&nbsp;C\u00f3digo<\/strong><strong><\/strong><\/td><td><strong>Professor(a) Coordenador(a)<\/strong><strong><\/strong><\/td><\/tr><tr><td>Intera\u00e7\u00e3o em Sa\u00fade da Comunidade III<\/td><td>TLDM134<\/td><td>Diego Alexandre Rozendo da Silva<\/td><\/tr><tr><td>Habilidades M\u00e9dicas III<\/td><td>TLDM135<\/td><td>Patricia Leen Kosako Cerutti<\/td><\/tr><tr><td>Urg\u00eancias, Emerg\u00eancias e Procedimentos I<\/td><td>TLDM136<\/td><td>\u00c9rika Eberlline Pacheco dos Santos<\/td><\/tr><tr><td>Agentes Agressores e Mecanismos de Defesa II<\/td><td>TLDM137<\/td><td>Juliana Bernardi Wenzel<\/td><\/tr><tr><td>Sistema End\u00f3crino Reprodutor<\/td><td>TLDM138<\/td><td>Marcelo Alves de Souza<\/td><\/tr><tr><td>Desenvolvimento I<\/td><td>TLDM139<\/td><td>Gabrielle Caroline Peitter<\/td><\/tr><\/tbody><\/table><\/figure>\n\n\n\n<p>&nbsp;<strong>4\u00ba Per\u00edodo<\/strong><strong><\/strong><\/p>\n\n\n\n<figure class=\"wp-block-table\"><table class=\"has-fixed-layout\"><tbody><tr><td><strong>Disciplina\/m\u00f3dulo<\/strong><strong><\/strong><\/td><td><strong>&nbsp;C\u00f3digo<\/strong><strong><\/strong><\/td><td><strong>Professor(a) Coordenador(a)<\/strong><strong><\/strong><\/td><\/tr><tr><td>M\u00f3dulo Integrador II<\/td><td>TLDM025<\/td><td>Paula Bragato Futagami<\/td><\/tr><tr><td>Intera\u00e7\u00e3o em Sa\u00fade da Comunidade IV<\/td><td>TLDM140<\/td><td>S\u00f4nia Mara de Andrade<\/td><\/tr><tr><td>Habilidades M\u00e9dicas IV<\/td><td>TLDM141<\/td><td>Prima Soledad Montiel Lezcano<\/td><\/tr><tr><td>Sistema Neural<\/td><td>TLDM142<\/td><td>Kleber Fernando Pereira<\/td><\/tr><tr><td>Bases Farmacol\u00f3gicas da Terap\u00eautica<\/td><td>TLDM143<\/td><td>Edivan Rodrigo de Paula Ramos<\/td><\/tr><tr><td>Fundamentos de Patologia<\/td><td>TLDM144<\/td><td>Ana Carla Zarpelon Schutz<\/td><\/tr><tr><td>Desenvolvimento II<\/td><td>TLDM145<\/td><td>Patricia Leen Kosako<\/td><\/tr><\/tbody><\/table><\/figure>\n\n\n\n<p><strong>5\u00ba Per\u00edodo<\/strong><strong><\/strong><\/p>\n\n\n\n<figure class=\"wp-block-table\"><table class=\"has-fixed-layout\"><tbody><tr><td><strong>Disciplina\/m\u00f3dulo<\/strong><strong><\/strong><\/td><td><strong>C\u00f3digo<\/strong><strong><\/strong><\/td><td><strong>Professor(a) Coordenador(a)<\/strong><strong><\/strong><\/td><\/tr><tr><td>Intera\u00e7\u00e3o em Sa\u00fade da Comunidade V<\/td><td>TLDM146<\/td><td>Tatiele Estef\u00e2ni Sch\u00f6nholzer<\/td><\/tr><tr><td>Sa\u00fade do Adulto I &#8211; Cardiologia<\/td><td>TLDM147<\/td><td>Ana Paula Susin Osorio<\/td><\/tr><tr><td>Sa\u00fade do Adulto I &#8211; Pneumologia<\/td><td>TLDM148<\/td><td>Vinicius Andr\u00e9 Guerra<\/td><\/tr><tr><td>Sa\u00fade do Adulto I &#8211; Gastroenterologia<\/td><td>TLDM149<\/td><td>Rafael Krieger Martins<\/td><\/tr><tr><td>Sa\u00fade do Adulto I &#8211; Angiologia e Cirurgia Vascular<\/td><td>TLDM150<\/td><td>Annata Teixeira Della Costa<\/td><\/tr><tr><td>Radiologia e Farmacologia Aplicadas \u00e0 Pr\u00e1tica M\u00e9dica I<\/td><td>TLDM151<\/td><td>Edivan Rodrigo de Paula Ramos<\/td><\/tr><tr><td>Urg\u00eancias, Emerg\u00eancias e Procedimentos III<\/td><td>TLDM152<\/td><td>Sabrina Lima Machado<\/td><\/tr><tr><td>Epidemiologia: M\u00e9todos Estat\u00edsticos Aplicados \u00e0 Sa\u00fade<\/td><td>&nbsp;TLDM153<\/td><td>&nbsp;Mauricio Bedim dos Santos<\/td><\/tr><tr><td>Fundamentos em Oncologia e Preven\u00e7\u00e3o do C\u00e2ncer<\/td><td>TLDM154<\/td><td>Ana Paula Carneiro Brandalize<\/td><\/tr><tr><td>Habilidades Operat\u00f3rias<\/td><td>TLDM155<\/td><td>Marco Aurelio Nisiide<\/td><\/tr><\/tbody><\/table><\/figure>\n\n\n\n<p><\/p>\n\n\n\n<p><strong>6\u00ba Per\u00edodo<\/strong><strong><\/strong><\/p>\n\n\n\n<figure class=\"wp-block-table\"><table class=\"has-fixed-layout\"><tbody><tr><td><strong>Disciplina\/m\u00f3dulo<\/strong><strong><\/strong><\/td><td><strong>&nbsp;C\u00f3digo<\/strong><strong><\/strong><\/td><td><strong>Professor(a) Coordenador(a)<\/strong><strong><\/strong><\/td><\/tr><tr><td>Intera\u00e7\u00e3o em Sa\u00fade da Comunidade VI<\/td><td>TLDM033<\/td><td>Letycia Boechat Ferreira Gomes<\/td><\/tr><tr><td>Sa\u00fade do Adulto II<\/td><td>TLDM034<\/td><td>Luciana Menezes de Azevedo<\/td><\/tr><tr><td>Urg\u00eancias, Emerg\u00eancias e Procedimentos IV<\/td><td>TLDM035<\/td><td>Eduardo Gomes<\/td><\/tr><tr><td>Sa\u00fade Mental e do Comportamento<\/td><td>TLDM036<\/td><td>Anna Martha Marchewicz<\/td><\/tr><tr><td>Sa\u00fade Materno Infantil<\/td><td>TLDM037<\/td><td>Renata Bragato Futagami<\/td><\/tr><tr><td>M\u00f3dulo Integrador III<\/td><td>TLDM040<\/td><td>Luciana Menezes de Azevedo<\/td><\/tr><tr><td>Trabalho de Curso I<\/td><td>TLDM072<\/td><td>Gabrielle Caroline Peitter<\/td><\/tr><\/tbody><\/table><\/figure>\n\n\n\n<p><strong>&nbsp;7\u00ba Per\u00edodo<\/strong><strong><\/strong><\/p>\n\n\n\n<figure class=\"wp-block-table\"><table class=\"has-fixed-layout\"><tbody><tr><td><strong>&nbsp;<\/strong><strong>Disciplina\/m\u00f3dulo<\/strong><strong><\/strong><\/td><td><strong>C\u00f3digo<\/strong><strong><\/strong><\/td><td><strong>&nbsp;Professor(a) Coordenador(a)<\/strong><strong><\/strong><\/td><\/tr><tr><td>Bio\u00e9tica e Deontologia<\/td><td>TLDM006<\/td><td>Eduardo Gomes<\/td><\/tr><tr><td>Intera\u00e7\u00e3o em Sa\u00fade da Comunidade VII<\/td><td>TLDM041<\/td><td>Cesar Augusto da Silva<\/td><\/tr><tr><td>Sa\u00fade do Adulto III<\/td><td>TLDM042<\/td><td>Edivan Rodrigo de Paula Ramos<\/td><\/tr><tr><td>Habilidades Operat\u00f3rias I<\/td><td>TLDM043<\/td><td>Marco Aur\u00e9lio Nissiide<\/td><\/tr><tr><td>Urg\u00eancias, Emerg\u00eancias e Procedimentos V<\/td><td>TLDM044<\/td><td>Sabrina Lima Machado<\/td><\/tr><tr><td>Trabalho de Curso II<\/td><td>TLDM050<\/td><td>Tatiele Estef\u00e2ni Sch\u00f6nholzer<\/td><\/tr><tr><td>Sa\u00fade da Crian\u00e7a e do Adolescente<\/td><td>TLDM056<\/td><td>Geruza Mara Hendges<\/td><\/tr><\/tbody><\/table><\/figure>\n\n\n\n<p><strong>8\u00ba Per\u00edodo<\/strong><strong><\/strong><\/p>\n\n\n\n<figure class=\"wp-block-table\"><table class=\"has-fixed-layout\"><tbody><tr><td><strong>Disciplina\/m\u00f3dulo<\/strong><strong><\/strong><\/td><td><strong>C\u00f3digo<\/strong><strong><\/strong><\/td><td><strong>Professor(a) Coordenador(a)<\/strong><strong><\/strong><\/td><\/tr><tr><td>Sa\u00fade Mental e do Comportamento<\/td><td>TLDM036<\/td><td>Julia Fonseca Farage Saito<\/td><\/tr><tr><td>Gest\u00e3o, Lideran\u00e7a e Empreendedorismo<\/td><td>TLDM049<\/td><td>Eduardo Gomes<\/td><\/tr><tr><td>Intera\u00e7\u00e3o em Sa\u00fade da Comunidade VIII<\/td><td>TLDM051<\/td><td>Nilton Augusto Guimar\u00e3es Perlin<\/td><\/tr><tr><td>Sa\u00fade do Adulto e do Idoso<\/td><td>TLDM052<\/td><td>Thaisa Mara Bersani Strabelli<\/td><\/tr><tr><td>Habilidades Operat\u00f3rias II<\/td><td>TLDM053<\/td><td>Igor Antonio Spilka \/ Marco Aur\u00e9lio Nissiide<\/td><\/tr><tr><td>Urg\u00eancias, Emerg\u00eancias e Procedimentos VI<\/td><td>TLDM054<\/td><td>Igor Antonio Spilka<\/td><\/tr><tr><td>Trabalho de Curso III<\/td><td>TLDM059<\/td><td>Tatiele Estef\u00e2ni Sch\u00f6nholzer<\/td><\/tr><tr><td>M\u00f3dulo Integrador IV<\/td><td>TLDM073<\/td><td>Thaisa Mara Bersani Strabelli<\/td><\/tr><\/tbody><\/table><\/figure>\n\n\n\n<p><strong>Est\u00e1gio Obrigat\u00f3rio &#8211; Coordena\u00e7\u00e3o de Disciplina e Per\u00edodo<\/strong>:<\/p>\n\n\n\n<figure class=\"wp-block-table\"><table class=\"has-fixed-layout\"><tbody><tr><td class=\"has-text-align-center\" data-align=\"center\"><strong>Per\u00edodo<\/strong><\/td><td><strong>C\u00f3digo<\/strong><\/td><td><strong>Disciplina<\/strong><\/td><td><strong>Professor(a) Coordenador(a)<\/strong><\/td><\/tr><tr><td class=\"has-text-align-center\" data-align=\"center\"><a href=\"https:\/\/toledo.ufpr.br\/medicinatoledo\/9o-periodo\/\">9\u00ba<\/a><\/td><td>TLDM061<\/td><td>Internato em&nbsp;<strong>Cl\u00ednica M\u00e9dica<\/strong><\/td><td>Luciana Menezes de Azevedo<\/td><\/tr><tr><td class=\"has-text-align-center\" data-align=\"center\"><a href=\"https:\/\/toledo.ufpr.br\/medicinatoledo\/9o-periodo\/\">9\u00ba<\/a><\/td><td>TLDM062<\/td><td>Internato em&nbsp;<strong>Medicina Geral de Fam\u00edlia e Comunidade<\/strong><\/td><td>Cesar Augusto da Silva<\/td><\/tr><tr><td class=\"has-text-align-center\" data-align=\"center\"><a href=\"https:\/\/toledo.ufpr.br\/medicinatoledo\/10o-periodo\/\">10\u00ba<\/a><\/td><td>TLDM063<\/td><td>Internato em&nbsp;<strong>Ginecologia e Obstetr\u00edcia<\/strong><\/td><td>Naura Tonin Angonese<\/td><\/tr><tr><td class=\"has-text-align-center\" data-align=\"center\"><a href=\"https:\/\/toledo.ufpr.br\/medicinatoledo\/10o-periodo\/\">10\u00ba<\/a><\/td><td>TLDM064<\/td><td>Internato em&nbsp;<strong>Sa\u00fade Mental <\/strong><br><br> Internato em<strong> Sa\u00fade Coletiva<\/strong><\/td><td>Anna Martha Marchewicz <br><br>Nilton Augusto Guimar\u00e3es Perlin<\/td><\/tr><tr><td class=\"has-text-align-center\" data-align=\"center\"><a href=\"https:\/\/toledo.ufpr.br\/medicinatoledo\/11o-periodo\/\">11\u00ba<\/a><\/td><td>TLDM066<\/td><td>Internato em&nbsp;<strong>Cirurgia<\/strong><\/td><td>Rafael Krieger Martins<\/td><\/tr><tr><td class=\"has-text-align-center\" data-align=\"center\"><a href=\"https:\/\/toledo.ufpr.br\/medicinatoledo\/11o-periodo\/\">11\u00ba<\/a><\/td><td>TLDM067<\/td><td>Internato em&nbsp;<strong>Pediatria<\/strong><\/td><td>Elisa Oliveira Dafico Pfrimer<\/td><\/tr><tr><td class=\"has-text-align-center\" data-align=\"center\"><a href=\"https:\/\/toledo.ufpr.br\/medicinatoledo\/12o-periodo\/\">12\u00ba<\/a><\/td><td>TLDM069<\/td><td>Internato em&nbsp;<strong>Urg\u00eancias e Emerg\u00eancias<\/strong><\/td><td>Sabrina Lima Machado<\/td><\/tr><tr><td class=\"has-text-align-center\" data-align=\"center\"><a href=\"https:\/\/toledo.ufpr.br\/medicinatoledo\/estagio-obrigatorio-em-areas-optativas\/\">12\u00ba Op<\/a><\/td><td>\u2026<\/td><td>Internato em&nbsp;<strong>\u00c1reas Optativas 1<\/strong><\/td><td><strong>Externo a UFPR: <\/strong>Neudir Frare Junior.<br><br><strong>Campus Toledo UFPR: <\/strong>Coordenador da \u00e1rea pretendida.<br><\/td><\/tr><tr><td class=\"has-text-align-center\" data-align=\"center\"><a href=\"https:\/\/toledo.ufpr.br\/medicinatoledo\/estagio-obrigatorio-em-areas-optativas\/\">12\u00ba Op<\/a><\/td><td>\u2026<\/td><td>Internato em&nbsp;<strong>\u00c1reas Optativas 2<\/strong><\/td><td><strong>Externo a UFPR: <\/strong>Neudir Frare Junior.<br><br><strong>Campus Toledo UFPR: <\/strong>Coordenador da \u00e1rea pretendida.<br><\/td><\/tr><\/tbody><\/table><\/figure>\n\n\n\n<p class=\"has-text-align-left\"><\/p>\n\n\n\n<p class=\"has-text-align-left\"><\/p>\n\n\n\n<p class=\"has-text-align-right\">Atualizado em 13\/02\/26.<\/p>\n\n\n\n<p class=\"has-text-align-right\"><\/p>\n","protected":false},"excerpt":{"rendered":"<p>&nbsp;1\u00ba Semestre de 2026. \u00a0 1\u00ba Per\u00edodo Disciplina\/m\u00f3dulo &nbsp;C\u00f3digo Professor(a) Coordenador(a) Introdu\u00e7\u00e3o ao Estudo da [&hellip;]<\/p>\n","protected":false},"author":2793,"featured_media":0,"parent":0,"menu_order":0,"comment_status":"closed","ping_status":"closed","template":"","meta":{"ngg_post_thumbnail":0,"footnotes":""},"class_list":["post-6492","page","type-page","status-publish","hentry"],"_links":{"self":[{"href":"https:\/\/toledo.ufpr.br\/medicinatoledo\/wp-json\/wp\/v2\/pages\/6492","targetHints":{"allow":["GET"]}}],"collection":[{"href":"https:\/\/toledo.ufpr.br\/medicinatoledo\/wp-json\/wp\/v2\/pages"}],"about":[{"href":"https:\/\/toledo.ufpr.br\/medicinatoledo\/wp-json\/wp\/v2\/types\/page"}],"author":[{"embeddable":true,"href":"https:\/\/toledo.ufpr.br\/medicinatoledo\/wp-json\/wp\/v2\/users\/2793"}],"replies":[{"embeddable":true,"href":"https:\/\/toledo.ufpr.br\/medicinatoledo\/wp-json\/wp\/v2\/comments?post=6492"}],"version-history":[{"count":61,"href":"https:\/\/toledo.ufpr.br\/medicinatoledo\/wp-json\/wp\/v2\/pages\/6492\/revisions"}],"predecessor-version":[{"id":10289,"href":"https:\/\/toledo.ufpr.br\/medicinatoledo\/wp-json\/wp\/v2\/pages\/6492\/revisions\/10289"}],"wp:attachment":[{"href":"https:\/\/toledo.ufpr.br\/medicinatoledo\/wp-json\/wp\/v2\/media?parent=6492"}],"curies":[{"name":"wp","href":"https:\/\/api.w.org\/{rel}","templated":true}]}}