{"id":6469,"date":"2023-10-03T12:03:42","date_gmt":"2023-10-03T15:03:42","guid":{"rendered":"https:\/\/toledo.ufpr.br\/medicinatoledo\/?page_id=6469"},"modified":"2023-10-03T12:04:31","modified_gmt":"2023-10-03T15:04:31","slug":"ementas","status":"publish","type":"page","link":"https:\/\/toledo.ufpr.br\/medicinatoledo\/ementas\/","title":{"rendered":"Ementa das Disciplinas (Fichas 1)"},"content":{"rendered":"<p><strong>Nesta p\u00e1gina voc\u00ea pode acessar todas as ementas dos m\u00f3dulos de ensino do Curso de Medicina, de acordo com o ajuste curricular do ano de 2018.<\/strong><\/p>\n<p><strong>\u00a0 \u00a0FICHAS 1<\/strong><\/p>\n<ul>\n<li><a href=\"https:\/\/toledo.ufpr.br\/wp-content\/uploads\/2019\/01\/ementas-1\u00ba-P-ajuste-2018.pdf\">Ementas 1\u00ba Per\u00edodo<\/a><\/li>\n<li><a href=\"https:\/\/toledo.ufpr.br\/wp-content\/uploads\/2019\/01\/Ementas-2\u00ba-P-ajuste-2018.pdf\">Ementas 2\u00ba Per\u00edodo<\/a><\/li>\n<li><a href=\"https:\/\/toledo.ufpr.br\/wp-content\/uploads\/2019\/01\/Ementas-3\u00ba-P-ajuste-2018.pdf\">Ementas 3\u00ba Per\u00edodo<\/a><\/li>\n<li><a href=\"https:\/\/toledo.ufpr.br\/wp-content\/uploads\/2019\/01\/Ementas-4\u00ba-P-ajuste-2018.pdf\">Ementas 4\u00ba Per\u00edodo<\/a><\/li>\n<li><a href=\"https:\/\/toledo.ufpr.br\/wp-content\/uploads\/2019\/01\/Ementas-5\u00ba-P-ajuste-2018.pdf\">Ementas 5\u00ba Per\u00edodo<\/a><\/li>\n<li><a href=\"https:\/\/toledo.ufpr.br\/wp-content\/uploads\/2019\/01\/Ementas-6\u00ba-P-ajuste-2018.pdf\">Ementas 6\u00ba Per\u00edodo<\/a><\/li>\n<li><a href=\"https:\/\/toledo.ufpr.br\/wp-content\/uploads\/2019\/01\/Ementas-7\u00ba-P-ajuste-2018.pdf\">Ementas 7\u00ba Per\u00edodo<\/a><\/li>\n<li><a href=\"https:\/\/toledo.ufpr.br\/wp-content\/uploads\/2019\/01\/Ementas-8\u00ba-P-ajuste-2018.pdf\">Ementas 8\u00ba Per\u00edodo<\/a><\/li>\n<li><a href=\"https:\/\/toledo.ufpr.br\/wp-content\/uploads\/2019\/01\/Ementas-9\u00ba-P-ajuste-2018.pdf\">Ementas 9\u00ba Per\u00edodo &#8211;\u00a0Est\u00e1gio Curricular Obrigat\u00f3rio<\/a><\/li>\n<li><a href=\"https:\/\/toledo.ufpr.br\/wp-content\/uploads\/2019\/01\/Ementas-10\u00ba-P-ajuste-2018.pdf\">Ementas 10\u00ba Per\u00edodo &#8211;\u00a0Est\u00e1gio Curricular Obrigat\u00f3rio<\/a><\/li>\n<li><a href=\"https:\/\/toledo.ufpr.br\/wp-content\/uploads\/2019\/01\/Ementas-11\u00ba-P-ajuste-2018.pdf\">Ementas 11\u00ba Per\u00edodo &#8211;\u00a0Est\u00e1gio Curricular Obrigat\u00f3rio<\/a><\/li>\n<li><a href=\"https:\/\/toledo.ufpr.br\/wp-content\/uploads\/2019\/01\/Ementas-12\u00ba-P-ajuste-2018.pdf\">Ementas 12\u00ba Per\u00edodo &#8211;\u00a0Est\u00e1gio Curricular Obrigat\u00f3rio<\/a><\/li>\n<\/ul>\n","protected":false},"excerpt":{"rendered":"<p>Nesta p\u00e1gina voc\u00ea pode acessar todas as ementas dos m\u00f3dulos de ensino do Curso de [&hellip;]<\/p>\n","protected":false},"author":2793,"featured_media":0,"parent":0,"menu_order":0,"comment_status":"closed","ping_status":"closed","template":"","meta":{"ngg_post_thumbnail":0,"footnotes":""},"class_list":["post-6469","page","type-page","status-publish","hentry"],"_links":{"self":[{"href":"https:\/\/toledo.ufpr.br\/medicinatoledo\/wp-json\/wp\/v2\/pages\/6469","targetHints":{"allow":["GET"]}}],"collection":[{"href":"https:\/\/toledo.ufpr.br\/medicinatoledo\/wp-json\/wp\/v2\/pages"}],"about":[{"href":"https:\/\/toledo.ufpr.br\/medicinatoledo\/wp-json\/wp\/v2\/types\/page"}],"author":[{"embeddable":true,"href":"https:\/\/toledo.ufpr.br\/medicinatoledo\/wp-json\/wp\/v2\/users\/2793"}],"replies":[{"embeddable":true,"href":"https:\/\/toledo.ufpr.br\/medicinatoledo\/wp-json\/wp\/v2\/comments?post=6469"}],"version-history":[{"count":1,"href":"https:\/\/toledo.ufpr.br\/medicinatoledo\/wp-json\/wp\/v2\/pages\/6469\/revisions"}],"predecessor-version":[{"id":6470,"href":"https:\/\/toledo.ufpr.br\/medicinatoledo\/wp-json\/wp\/v2\/pages\/6469\/revisions\/6470"}],"wp:attachment":[{"href":"https:\/\/toledo.ufpr.br\/medicinatoledo\/wp-json\/wp\/v2\/media?parent=6469"}],"curies":[{"name":"wp","href":"https:\/\/api.w.org\/{rel}","templated":true}]}}