{"id":6462,"date":"2023-10-03T11:48:53","date_gmt":"2023-10-03T14:48:53","guid":{"rendered":"https:\/\/toledo.ufpr.br\/medicinatoledo\/?page_id=6462"},"modified":"2026-01-23T15:51:12","modified_gmt":"2026-01-23T18:51:12","slug":"secretaria-academica","status":"publish","type":"page","link":"https:\/\/toledo.ufpr.br\/medicinatoledo\/secretaria-academica\/","title":{"rendered":"Secretaria Acad\u00eamica"},"content":{"rendered":"<h3 style=\"text-align: center\"><\/h3>\n<h4 style=\"text-align: center\">&#x1f4e2; <strong>CANAIS OFICIAIS DE COMUNICA\u00c7\u00c3O<\/strong><\/h4>\n<table>\n<thead>\n<tr>\n<th>&#x1f539; <strong>Setor<\/strong><\/th>\n<th>&#x1f393; <strong>Ciclo Educacional (1\u00ba ao 8\u00ba Per\u00edodo)<\/strong><\/th>\n<th>&#x1f3e5; <strong>Internato (9\u00ba ao 12\u00ba Per\u00edodo)<\/strong><\/th>\n<\/tr>\n<\/thead>\n<tbody>\n<tr>\n<td>&#x1f4e7; <strong>E-mail<\/strong><\/td>\n<td><a href=\"mailto:secretariaacademicatl@ufpr.br\">secretariaacademicatl@ufpr.br<\/a><\/td>\n<td><a href=\"mailto:internatotoledo@ufpr.br\">internatotoledo@ufpr.br<\/a><\/td>\n<\/tr>\n<tr>\n<td>&#x1f552; <strong>Hor\u00e1rio de Atendimento<\/strong><\/td>\n<td>Dias \u00fateis: 08h \u00e0s 12h &#8211;13h \u00e0s 17h<\/td>\n<td>Dias \u00fateis: 08h \u00e0s 14h<\/td>\n<\/tr>\n<tr>\n<td>&#x1f4ac; <strong>Microsoft Teams<\/strong><\/td>\n<td><a href=\"mailto:secretariaacademicatl@ufpr.br\">secretariaacademicatl@ufpr.br<\/a><\/td>\n<td><a href=\"mailto:internatotoledo@ufpr.br\">internatotoledo@ufpr.br<\/a><\/td>\n<\/tr>\n<\/tbody>\n<\/table>\n<hr \/>\n<h4>&#x1f4de; Outros Canais de Contato:<\/h4>\n<h4 style=\"text-align: center\">\u00a0Coordena\u00e7\u00e3o do Curso de Medicina: <strong><a href=\"mailto:medicinatoledo@ufpr.br\">medicinatoledo@ufpr.br<\/a><\/strong><\/h4>\n<hr \/>\n<h4 style=\"text-align: center\">&#x1f4e2; Comunicados e Procedimentos Acad\u00eamicos<\/h4>\n<h4>&#x1f4e7; E-mail institucional:<\/h4>\n<ul>\n<li><strong>Obrigat\u00f3rio<\/strong> para todas as comunica\u00e7\u00f5es oficiais da UFPR.<br \/>\n<em>(Conforme Instru\u00e7\u00e3o Normativa n\u00ba 01\/2023 \u2013 CIGD)<\/em><\/li>\n<li><strong>Como criar:<\/strong><br \/>\nAcesse: <a href=\"https:\/\/sistemas.ufpr.br\/\">https:\/\/sistemas.ufpr.br<\/a> \u2192 Clique em <strong>\u201cSolicitar E-mail\u201d<\/strong> e siga as instru\u00e7\u00f5es.<\/li>\n<\/ul>\n<hr \/>\n<h4>&#x1f5a5;&#xfe0f; Acesso ao SIGA:<\/h4>\n<ul>\n<li><strong>Primeiro acesso:<\/strong><br \/>\nAcesse: <a href=\"https:\/\/sistemas.ufpr.br\" target=\"_blank\" rel=\"noopener\">https:\/\/siga.ufpr.br<\/a> \u2192 Clique em <strong>\u201cSolicitar e-mail @ufpr\u201d<\/strong>.<\/li>\n<li><strong>Tutoriais do SIGA:<\/strong><br \/>\nDispon\u00edveis em: <a href=\"https:\/\/ufpraberta.ufpr.br\/course\/view.php?id=9\">Conhe\u00e7a o SIGA \u2013 Bloco 01 \u2013 Alunos e Alunas<\/a><\/li>\n<li><strong>Documentos acad\u00eamicos emitidos no SIGA:<\/strong>\n<ul>\n<li>Hist\u00f3rico escolar<\/li>\n<li>Declara\u00e7\u00e3o e comprovante de matr\u00edcula<br \/>\n<em>Acesse pelo mesmo link dos tutoriais acima.<\/em><\/li>\n<\/ul>\n<\/li>\n<\/ul>\n<hr \/>\n<h4>&#x1f4c4; Atestado m\u00e9dico :<\/h4>\n<ul>\n<li>Enviar em <strong>formato PDF<\/strong> para:<br \/>\n&#x2709;&#xfe0f; <a href=\"mailto:secretariaacademicatl@ufpr.br\">secretariaacademicatl@ufpr.br<\/a><\/li>\n<li><strong>N\u00e3o s\u00e3o aceitas imagens ou fotos.<\/strong><\/li>\n<li>Consulte o prazo e os procedimentos para <a href=\"https:\/\/toledo.ufpr.br\/medicinatoledo\/segunda-chamada\/\" target=\"_blank\" rel=\"noopener\"><strong>segunda chamada<\/strong><\/a> no site oficial do curso.<\/li>\n<\/ul>\n<hr \/>\n<h4>&#x1f4dd; Requerimentos e equival\u00eancia de disciplinas:<\/h4>\n<ul>\n<li><strong>Requerimentos acad\u00eamicos:<\/strong><br \/>\n<a href=\"https:\/\/toledo.ufpr.br\/medicinatoledo\/solicitacoes-academicas\/\">Solicita\u00e7\u00f5es Acad\u00eamicas \u2013 Medicina Toledo<\/a><\/li>\n<li><strong>Equival\u00eancia de disciplinas:<\/strong><br \/>\n<a href=\"https:\/\/toledo.ufpr.br\/medicinatoledo\/equivalencia-de-disciplinas\/\">Equival\u00eancia de Disciplinas \u2013 Medicina Toledo<\/a><\/li>\n<\/ul>\n<hr \/>\n<h4>&#x2139;&#xfe0f; Outras informa\u00e7\u00f5es:<\/h4>\n<h4>&#x1f393; Carteirinha do estudante.<\/h4>\n<ul>\n<li>Verificar diretamente com o <strong>Centro Acad\u00eamico do curso<\/strong>.<\/li>\n<\/ul>\n<h4>&#x1f68c; Transporte p\u00fablico.<\/h4>\n<ul>\n<li>Apresente a <strong>declara\u00e7\u00e3o de matr\u00edcula<\/strong> na empresa de transporte p\u00fablico para solicita\u00e7\u00e3o de benef\u00edcios.<\/li>\n<\/ul>\n<h4>&#x1f195; Turmas novas.<\/h4>\n<ul>\n<li>Enviar o <strong>e-mail institucional da turma<\/strong> na primeira semana de aula para:<br \/>\n&#x2709;&#xfe0f; <a href=\"mailto:secretariaacademicatl@ufpr.br\">secretariaacademicatl@ufpr.br<\/a><\/li>\n<\/ul>\n<h4>&#x1f389; Formaturas.<\/h4>\n<ul>\n<li>Antes de contratar empresas, consulte as <strong>normas da UFPR<\/strong> no site do cerimonial:<br \/>\n<a href=\"https:\/\/cerimonial.ufpr.br\/\">https:\/\/cerimonial.ufpr.br<\/a><\/li>\n<\/ul>\n<hr \/>\n<p>&#x1f517; <strong>Mais informa\u00e7\u00f5es e atualiza\u00e7\u00f5es do curso:<\/strong><br \/>\n<a href=\"https:\/\/toledo.ufpr.br\/medicinatoledo\">https:\/\/toledo.ufpr.br\/medicinatoledo<\/a><\/p>\n<hr \/>\n<p style=\"text-align: right\"><span style=\"color: #000000\">Atualizado em 08\/08\/25.<\/span><\/p>\n<h4><\/h4>\n<h4><\/h4>\n<h4><\/h4>\n<h4><\/h4>\n<h4><\/h4>\n<h4><\/h4>\n<h4><\/h4>\n<h4><\/h4>\n<h4><\/h4>\n<h4><\/h4>\n<h4><\/h4>\n<h4><\/h4>\n<h4><\/h4>\n<h4><\/h4>\n<h4><\/h4>\n<h4><\/h4>\n<h4><\/h4>\n<h4><\/h4>\n<h4><\/h4>\n<h4><\/h4>\n<h4><\/h4>\n<h4><\/h4>\n<h4><\/h4>\n<h4><\/h4>\n<h4><\/h4>\n<h4><\/h4>\n<h4><\/h4>\n<h4><\/h4>\n<h4><\/h4>\n<h4><\/h4>\n<h4><\/h4>\n<h4><\/h4>\n<h4><\/h4>\n<h4><\/h4>\n<h4><\/h4>\n<h4><\/h4>\n<h4><\/h4>\n<h4><\/h4>\n<h4><\/h4>\n<h4><\/h4>\n<h4><\/h4>\n<h4><\/h4>\n<h4><\/h4>\n<h4><\/h4>\n<h4><\/h4>\n<h4><\/h4>\n<h4><\/h4>\n<h4><\/h4>\n<h4><\/h4>\n<h4><\/h4>\n<h4><\/h4>\n<h4><\/h4>\n<h4><\/h4>\n<h4><\/h4>\n<h4><\/h4>\n<h4><\/h4>\n<h4><\/h4>\n<h4><\/h4>\n<h4><\/h4>\n<h4><\/h4>\n<h4><\/h4>\n<h4><\/h4>\n<h4><\/h4>\n<h4><\/h4>\n<h4><\/h4>\n<h4><\/h4>\n<h4><\/h4>\n<h4><\/h4>\n<h4><\/h4>\n<h4><\/h4>\n<h4><\/h4>\n<h4><\/h4>\n<h4><\/h4>\n<h4><\/h4>\n<h4><\/h4>\n<h4><\/h4>\n<h4><\/h4>\n<h4><\/h4>\n<h4><\/h4>\n<h4><\/h4>\n<h4><\/h4>\n<h4><\/h4>\n<h4><\/h4>\n<h4><\/h4>\n<h4><\/h4>\n<h4><\/h4>\n<h4><\/h4>\n<h4><\/h4>\n<h4><\/h4>\n<h4><\/h4>\n<h4><\/h4>\n<h4><\/h4>\n<h4><\/h4>\n<h4><\/h4>\n<h4><\/h4>\n<h4><\/h4>\n<h4><\/h4>\n<h4><\/h4>\n<h4><\/h4>\n<h4><\/h4>\n<h4><\/h4>\n<h4><\/h4>\n<h4><\/h4>\n<h4><\/h4>\n<h4><\/h4>\n<h4><\/h4>\n<h4><\/h4>\n<h4><\/h4>\n<h4><\/h4>\n<h4><\/h4>\n<h4><\/h4>\n<h4><\/h4>\n<h4><\/h4>\n<h4><\/h4>\n<h4><\/h4>\n<h4><\/h4>\n<h4><\/h4>\n<h4><\/h4>\n<h4><\/h4>\n<h4><\/h4>\n<h4><\/h4>\n<h4><\/h4>\n<h4><\/h4>\n<h4><\/h4>\n<h4><\/h4>\n<h4><\/h4>\n<h4><\/h4>\n<h4><\/h4>\n<h4><\/h4>\n<h4><\/h4>\n<h4><\/h4>\n<h4><\/h4>\n<h4><\/h4>\n<h4><\/h4>\n<h4><\/h4>\n<h4><\/h4>\n<h4><\/h4>\n<h4><\/h4>\n<h4><\/h4>\n<h4><\/h4>\n<h4><\/h4>\n<h4><\/h4>\n<h4><\/h4>\n<h4><\/h4>\n<h4><\/h4>\n<h4><\/h4>\n<h4><\/h4>\n<h4 style=\"text-align: center\"><\/h4>\n<h3><\/h3>\n<h3><\/h3>\n<h3><\/h3>\n<h3><\/h3>\n<h3><\/h3>\n<h3><\/h3>\n<h3><\/h3>\n<h2><\/h2>\n<h4><\/h4>\n<h4><\/h4>\n<h4><\/h4>\n<h4><\/h4>\n<h4><\/h4>\n<h4><\/h4>\n<h4><\/h4>\n<h4><\/h4>\n<h4><\/h4>\n<h4><\/h4>\n<h4><\/h4>\n<h4><\/h4>\n<h4><\/h4>\n<h4><\/h4>\n<h4><\/h4>\n<h4><\/h4>\n<h4><\/h4>\n<h4><\/h4>\n<h4><\/h4>\n<h4><\/h4>\n<h4><\/h4>\n<h4><\/h4>\n<h4><\/h4>\n<h4><\/h4>\n<h4><\/h4>\n<h4><\/h4>\n<h4><\/h4>\n<h4><\/h4>\n<h4><\/h4>\n<h4><\/h4>\n<h4><\/h4>\n<h4><\/h4>\n<h4><\/h4>\n<h4><\/h4>\n<h4><\/h4>\n<h4><\/h4>\n<h4><\/h4>\n<h4><\/h4>\n<h4><\/h4>\n<h4><\/h4>\n<h4><\/h4>\n<h4><\/h4>\n<h4><\/h4>\n<h4><\/h4>\n<h4><\/h4>\n<h4><\/h4>\n<h4><\/h4>\n<h4><\/h4>\n<h4><\/h4>\n<h4><\/h4>\n<h4><\/h4>\n<h4><\/h4>\n<h4><\/h4>\n<h4><\/h4>\n<h4><\/h4>\n<h4><\/h4>\n<h4><\/h4>\n<h4><\/h4>\n<h4 style=\"text-align: center\"><\/h4>\n","protected":false},"excerpt":{"rendered":"<p>&#x1f4e2; CANAIS OFICIAIS DE COMUNICA\u00c7\u00c3O &#x1f539; Setor &#x1f393; Ciclo Educacional (1\u00ba ao 8\u00ba Per\u00edodo) &#x1f3e5; [&hellip;]<\/p>\n","protected":false},"author":2793,"featured_media":0,"parent":0,"menu_order":0,"comment_status":"closed","ping_status":"closed","template":"","meta":{"ngg_post_thumbnail":0,"footnotes":""},"class_list":["post-6462","page","type-page","status-publish","hentry"],"_links":{"self":[{"href":"https:\/\/toledo.ufpr.br\/medicinatoledo\/wp-json\/wp\/v2\/pages\/6462","targetHints":{"allow":["GET"]}}],"collection":[{"href":"https:\/\/toledo.ufpr.br\/medicinatoledo\/wp-json\/wp\/v2\/pages"}],"about":[{"href":"https:\/\/toledo.ufpr.br\/medicinatoledo\/wp-json\/wp\/v2\/types\/page"}],"author":[{"embeddable":true,"href":"https:\/\/toledo.ufpr.br\/medicinatoledo\/wp-json\/wp\/v2\/users\/2793"}],"replies":[{"embeddable":true,"href":"https:\/\/toledo.ufpr.br\/medicinatoledo\/wp-json\/wp\/v2\/comments?post=6462"}],"version-history":[{"count":80,"href":"https:\/\/toledo.ufpr.br\/medicinatoledo\/wp-json\/wp\/v2\/pages\/6462\/revisions"}],"predecessor-version":[{"id":10164,"href":"https:\/\/toledo.ufpr.br\/medicinatoledo\/wp-json\/wp\/v2\/pages\/6462\/revisions\/10164"}],"wp:attachment":[{"href":"https:\/\/toledo.ufpr.br\/medicinatoledo\/wp-json\/wp\/v2\/media?parent=6462"}],"curies":[{"name":"wp","href":"https:\/\/api.w.org\/{rel}","templated":true}]}}