{"id":6460,"date":"2023-10-03T11:45:24","date_gmt":"2023-10-03T14:45:24","guid":{"rendered":"https:\/\/toledo.ufpr.br\/medicinatoledo\/?page_id=6460"},"modified":"2026-02-04T15:00:24","modified_gmt":"2026-02-04T18:00:24","slug":"coordenacao","status":"publish","type":"page","link":"https:\/\/toledo.ufpr.br\/medicinatoledo\/coordenacao\/","title":{"rendered":"Coordena\u00e7\u00e3o"},"content":{"rendered":"<p><span style=\"color: #003300\"><strong>COORDENA\u00c7\u00c3O DO CURSO DE MEDICINA<\/strong><\/span><\/p>\n<p><strong>Coordenador<\/strong>: Prof. Neudir Frare Junior (Portaria UFPR N\u00ba 32\/2026)<\/p>\n<p><b>Vice-Coordenador<\/b>: Prof. Mauricio Bedim dos Santos (Portaria UFPR n\u00ba 47\/2026)<\/p>\n<p><strong>Secret\u00e1ria<\/strong>: Claudia Albertina Kerber<\/p>\n<p><strong>E-mail:<\/strong>\u00a0<a href=\"medicinatoledo@ufpr.br\">medicinatoledo@ufpr.br\u00a0<\/a><\/p>\n<p><strong>Hor\u00e1rio de funcionamento:<\/strong>\u00a0de segunda a sexta-feira, das 8h \u00e0s 12h e das 13h \u00e0s 17h.<\/p>\n<p style=\"text-align: center\"><strong><a href=\"https:\/\/toledo.ufpr.br\/medicinatoledo\/wp-content\/uploads\/sites\/3\/2024\/09\/Plano-de-Acao-Coordenacao-2024.pdf\" target=\"_blank\" rel=\"noopener\">Plano de A\u00e7\u00e3o Coordena\u00e7\u00e3o 2024<\/a><\/strong><\/p>\n","protected":false},"excerpt":{"rendered":"<p>COORDENA\u00c7\u00c3O DO CURSO DE MEDICINA Coordenador: Prof. Neudir Frare Junior (Portaria UFPR N\u00ba 32\/2026) Vice-Coordenador: [&hellip;]<\/p>\n","protected":false},"author":2793,"featured_media":0,"parent":0,"menu_order":0,"comment_status":"closed","ping_status":"closed","template":"","meta":{"ngg_post_thumbnail":0,"footnotes":""},"class_list":["post-6460","page","type-page","status-publish","hentry"],"_links":{"self":[{"href":"https:\/\/toledo.ufpr.br\/medicinatoledo\/wp-json\/wp\/v2\/pages\/6460","targetHints":{"allow":["GET"]}}],"collection":[{"href":"https:\/\/toledo.ufpr.br\/medicinatoledo\/wp-json\/wp\/v2\/pages"}],"about":[{"href":"https:\/\/toledo.ufpr.br\/medicinatoledo\/wp-json\/wp\/v2\/types\/page"}],"author":[{"embeddable":true,"href":"https:\/\/toledo.ufpr.br\/medicinatoledo\/wp-json\/wp\/v2\/users\/2793"}],"replies":[{"embeddable":true,"href":"https:\/\/toledo.ufpr.br\/medicinatoledo\/wp-json\/wp\/v2\/comments?post=6460"}],"version-history":[{"count":15,"href":"https:\/\/toledo.ufpr.br\/medicinatoledo\/wp-json\/wp\/v2\/pages\/6460\/revisions"}],"predecessor-version":[{"id":10197,"href":"https:\/\/toledo.ufpr.br\/medicinatoledo\/wp-json\/wp\/v2\/pages\/6460\/revisions\/10197"}],"wp:attachment":[{"href":"https:\/\/toledo.ufpr.br\/medicinatoledo\/wp-json\/wp\/v2\/media?parent=6460"}],"curies":[{"name":"wp","href":"https:\/\/api.w.org\/{rel}","templated":true}]}}