{"id":882,"date":"2025-11-14T10:16:58","date_gmt":"2025-11-14T13:16:58","guid":{"rendered":"https:\/\/toledo.ufpr.br\/enfermagemtoledo\/?page_id=882"},"modified":"2025-11-14T10:17:30","modified_gmt":"2025-11-14T13:17:30","slug":"com-solenidade","status":"publish","type":"page","link":"https:\/\/toledo.ufpr.br\/enfermagemtoledo\/com-solenidade\/","title":{"rendered":"Com Solenidade"},"content":{"rendered":"\n<p>A UFPR possui normas para as Cola\u00e7\u00f5es que podem ser acessadas na p\u00e1gina do Cerimonial da UFPR:&nbsp;<a href=\"https:\/\/cerimonial.ufpr.br\/\" target=\"_blank\" rel=\"noreferrer noopener\">https:\/\/cerimonial.ufpr.br\/<\/a><\/p>\n\n\n\n<p>Antes de dar seguimento \u00e0 solicita\u00e7\u00e3o de agendamento da Cola\u00e7\u00e3o com solenidade, \u00e9 necess\u00e1rio ler atentamente as informa\u00e7\u00f5es disponibilizadas na p\u00e1gina da SOC: <a href=\"https:\/\/soc.ufpr.br\/solenidade-de-colacao-de-grau\/\" data-type=\"link\" data-id=\"https:\/\/soc.ufpr.br\/solenidade-de-colacao-de-grau\/\" target=\"_blank\" rel=\"noreferrer noopener\">https:\/\/soc.ufpr.br\/solenidade-de-colacao-de-grau\/<\/a><\/p>\n\n\n\n<p>O agendamento do local onde ser\u00e1 a cerim\u00f4nia, bem como os custos decorrentes, \u00e9 de responsabilidade da turma.<\/p>\n\n\n\n<p class=\"has-text-align-center\"><mark class=\"has-inline-color has-black-color\"><strong>Aten\u00e7\u00e3o<\/strong>:<\/mark><\/p>\n\n\n\n<p><strong>8h30<\/strong> &#8211; Ensaio no mesmo dia e local da cerim\u00f4nia. Haver\u00e1 assinatura da Ata da Cola\u00e7\u00e3o pelos estudantes no ensaio, presen\u00e7a <strong>Obrigat\u00f3ria<\/strong>.<\/p>\n\n\n\n<p><strong>17h00<\/strong> &#8211; Chegada dos formandos no local da formatura. Para vestimenta de becas e fotos.<\/p>\n\n\n\n<p><strong>19h00<\/strong> &#8211; In\u00edcio da cerim\u00f4nia. A Dura\u00e7\u00e3o da cerim\u00f4nia depende de diversos fatores e n\u00e3o tem como ser estimada.<\/p>\n\n\n\n<hr class=\"wp-block-separator has-alpha-channel-opacity\"\/>\n\n\n\n<p class=\"has-text-align-right\">Atualizado 14\/11\/25<\/p>\n","protected":false},"excerpt":{"rendered":"<p>A UFPR possui normas para as Cola\u00e7\u00f5es que podem ser acessadas na p\u00e1gina do Cerimonial [&hellip;]<\/p>\n","protected":false},"author":2796,"featured_media":0,"parent":0,"menu_order":0,"comment_status":"closed","ping_status":"closed","template":"","meta":{"ngg_post_thumbnail":0,"footnotes":""},"class_list":["post-882","page","type-page","status-publish","hentry"],"_links":{"self":[{"href":"https:\/\/toledo.ufpr.br\/enfermagemtoledo\/wp-json\/wp\/v2\/pages\/882","targetHints":{"allow":["GET"]}}],"collection":[{"href":"https:\/\/toledo.ufpr.br\/enfermagemtoledo\/wp-json\/wp\/v2\/pages"}],"about":[{"href":"https:\/\/toledo.ufpr.br\/enfermagemtoledo\/wp-json\/wp\/v2\/types\/page"}],"author":[{"embeddable":true,"href":"https:\/\/toledo.ufpr.br\/enfermagemtoledo\/wp-json\/wp\/v2\/users\/2796"}],"replies":[{"embeddable":true,"href":"https:\/\/toledo.ufpr.br\/enfermagemtoledo\/wp-json\/wp\/v2\/comments?post=882"}],"version-history":[{"count":2,"href":"https:\/\/toledo.ufpr.br\/enfermagemtoledo\/wp-json\/wp\/v2\/pages\/882\/revisions"}],"predecessor-version":[{"id":886,"href":"https:\/\/toledo.ufpr.br\/enfermagemtoledo\/wp-json\/wp\/v2\/pages\/882\/revisions\/886"}],"wp:attachment":[{"href":"https:\/\/toledo.ufpr.br\/enfermagemtoledo\/wp-json\/wp\/v2\/media?parent=882"}],"curies":[{"name":"wp","href":"https:\/\/api.w.org\/{rel}","templated":true}]}}

<p>A UFPR possui normas para as Colações que podem ser acessadas na página do Cerimonial da UFPR:&nbsp;<a href="https://cerimonial.ufpr.br/" target="_blank" rel="noreferrer noopener">https://cerimonial.ufpr.br/</a></p>



<p>Antes de dar seguimento à solicitação de agendamento da Colação com solenidade, é necessário ler atentamente as informações disponibilizadas na página da SOC: <a href="https://soc.ufpr.br/solenidade-de-colacao-de-grau/" data-type="link" data-id="https://soc.ufpr.br/solenidade-de-colacao-de-grau/" target="_blank" rel="noreferrer noopener">https://soc.ufpr.br/solenidade-de-colacao-de-grau/</a></p>



<p>O agendamento do local onde será a cerimônia, bem como os custos decorrentes, é de responsabilidade da turma.</p>



<p class="has-text-align-center"><mark class="has-inline-color has-black-color"><strong>Atenção</strong>:</mark></p>



<p><strong>8h30</strong> &#8211; Ensaio no mesmo dia e local da cerimônia. Haverá assinatura da Ata da Colação pelos estudantes no ensaio, presença <strong>Obrigatória</strong>.</p>



<p><strong>17h00</strong> &#8211; Chegada dos formandos no local da formatura. Para vestimenta de becas e fotos.</p>



<p><strong>19h00</strong> &#8211; Início da cerimônia. A Duração da cerimônia depende de diversos fatores e não tem como ser estimada.</p>



<hr class="wp-block-separator has-alpha-channel-opacity"/>



<p class="has-text-align-right">Atualizado 14/11/25</p>

<p>A UFPR possui normas para as Colações que podem ser acessadas na página do Cerimonial [&hellip;]</p>
