{"id":793,"date":"2025-11-13T15:13:25","date_gmt":"2025-11-13T18:13:25","guid":{"rendered":"https:\/\/toledo.ufpr.br\/enfermagemtoledo\/?page_id=793"},"modified":"2025-11-13T15:14:18","modified_gmt":"2025-11-13T18:14:18","slug":"equivalencia-de-disciplinas","status":"publish","type":"page","link":"https:\/\/toledo.ufpr.br\/enfermagemtoledo\/equivalencia-de-disciplinas\/","title":{"rendered":"Equival\u00eancia de Disciplinas \ud83d\udcda"},"content":{"rendered":"\n<p><em>(<a href=\"https:\/\/toledo.ufpr.br\/enfermagemtoledo\/wp-content\/uploads\/sites\/5\/2025\/11\/res-92-13-cepe-alteracao-resolucao-0610-alterado-pela-res-39-18.pdf\" target=\"_blank\" rel=\"noreferrer noopener\">Res. N\u00b0 92\/13 \u2013 CEPE<\/a> e <a href=\"https:\/\/toledo.ufpr.br\/enfermagemtoledo\/wp-content\/uploads\/sites\/5\/2025\/11\/instrucao-normativa-prograd-no-01-14.pdf\" target=\"_blank\" rel=\"noreferrer noopener\">IN N\u00b0 01\/14 \u2013 PROGRAD<\/a>).<\/em><\/p>\n\n\n\n<p>A solicita\u00e7\u00e3o de equival\u00eancia de disciplinas deve ser realizada <strong>uma \u00fanica vez<\/strong>, nas seguintes situa\u00e7\u00f5es:<\/p>\n\n\n\n<ul class=\"wp-block-list\">\n<li><strong>Ingressando<\/strong> na <strong>UFPR<\/strong>;<\/li>\n\n\n\n<li><strong>Retorno de interc\u00e2mbio<\/strong>, quando for o caso.<\/li>\n<\/ul>\n\n\n\n<hr class=\"wp-block-separator has-alpha-channel-opacity\"\/>\n\n\n\n<p><strong>Passo a Passo para Solicitar a Equival\u00eancia<\/strong> \ud83d\udcbb<\/p>\n\n\n\n<p><strong>1.<\/strong> Documentos Necess\u00e1rios \ud83d\udcdd.<\/p>\n\n\n\n<p>Antes de solicitar a equival\u00eancia, re\u00fana os seguintes documentos:<\/p>\n\n\n\n<ul class=\"wp-block-list\">\n<li><a href=\"https:\/\/toledo.ufpr.br\/enfermagemtoledo\/wp-content\/uploads\/sites\/5\/2025\/11\/7-Equivalencia-de-Disciplina.pdf\" target=\"_blank\" rel=\"noreferrer noopener\">Formul\u00e1rio de Solicita\u00e7\u00e3o<\/a>;<\/li>\n\n\n\n<li><strong>Hist\u00f3rico Escolar<\/strong> completo e atualizado (<em>original ou c\u00f3pia autenticada<\/em>);<\/li>\n\n\n\n<li><strong>Programas das Disciplinas<\/strong> (<em>autenticados pela institui\u00e7\u00e3o de origem<\/em>), que devem conter:\n<ul class=\"wp-block-list\">\n<li><strong>Carimbo<\/strong>, <strong>visto<\/strong>, ou <strong>autentica\u00e7\u00e3o eletr\u00f4nica<\/strong> pela institui\u00e7\u00e3o.<\/li>\n<\/ul>\n<\/li>\n<\/ul>\n\n\n\n<p><strong>2.<\/strong> Conte\u00fado dos Programas das Disciplinas \ud83d\udccb<\/p>\n\n\n\n<p>Os <strong>Programas das Disciplinas<\/strong> devem incluir:<\/p>\n\n\n\n<ul class=\"wp-block-list\">\n<li><strong>Plano de Ensino<\/strong>, com:\n<ul class=\"wp-block-list\">\n<li><strong>Ementa<\/strong>;<\/li>\n\n\n\n<li><strong>Carga hor\u00e1ria<\/strong>;<\/li>\n\n\n\n<li><strong>Objetivos<\/strong>;<\/li>\n\n\n\n<li><strong>Conte\u00fado Program\u00e1tico<\/strong> (ou desdobramento das \u00e1reas de conhecimento em unidades);<\/li>\n\n\n\n<li><strong>Procedimentos Did\u00e1ticos<\/strong>;<\/li>\n\n\n\n<li><strong>Formas de Avalia\u00e7\u00e3o<\/strong>;<\/li>\n\n\n\n<li><strong>Bibliografia B\u00e1sica Utilizada<\/strong>.<\/li>\n<\/ul>\n<\/li>\n<\/ul>\n\n\n\n<hr class=\"wp-block-separator has-alpha-channel-opacity\"\/>\n\n\n\n<p><strong>3.<\/strong> Como Solicitar via Sistema SIGA \ud83d\udcbb.<\/p>\n\n\n\n<ol class=\"wp-block-list\">\n<li><strong>Acesse o Sistema SIGA<\/strong>:<br>A solicita\u00e7\u00e3o deve ser feita pelo aluno atrav\u00e9s do <strong>sistema SIGA<\/strong>.<\/li>\n\n\n\n<li><strong>Prazos<\/strong>:<br>Realize a solicita\u00e7\u00e3o dentro do <strong>prazo estabelecido<\/strong> no calend\u00e1rio acad\u00eamico.<\/li>\n<\/ol>\n\n\n\n<hr class=\"wp-block-separator has-alpha-channel-opacity\"\/>\n\n\n\n<p><strong>4.<\/strong> Tutorial Completo \ud83c\udf93.<\/p>\n\n\n\n<p>Para mais detalhes sobre como fazer a solicita\u00e7\u00e3o, acesse o tutorial completo na <a href=\"https:\/\/ufpraberta.ufpr.br\/course\/view.php?id=9\" target=\"_blank\" rel=\"noreferrer noopener\">p\u00e1gina UFPR Aberta<\/a>.<br><strong>Caminho<\/strong>: <em>BLOCO 1 \u2013 Alunos e Alunas<\/em>.<\/p>\n\n\n\n<hr class=\"wp-block-separator has-alpha-channel-opacity\"\/>\n\n\n\n<p><strong>\u26a0\ufe0fObserva\u00e7\u00f5es Importantes.<\/strong><\/p>\n\n\n\n<p>Protocolo \u00danico \ud83d\udcc5:<\/p>\n\n\n\n<ul class=\"wp-block-list\">\n<li>A <strong>solicita\u00e7\u00e3o de equival\u00eancia<\/strong> deve ser feita <strong>uma \u00fanica vez<\/strong>, seja <strong>no momento do ingresso<\/strong> na UFPR ou <strong>no retorno do interc\u00e2mbio<\/strong>.<\/li>\n<\/ul>\n\n\n\n<p>Documenta\u00e7\u00e3o Completa \ud83d\udcc4:<\/p>\n\n\n\n<ul class=\"wp-block-list\">\n<li>A <strong>documenta\u00e7\u00e3o incompleta<\/strong> pode <strong>atrasar o processo<\/strong> de equival\u00eancia. Certifique-se de enviar todos os documentos exigidos dentro do prazo.<\/li>\n<\/ul>\n\n\n\n<hr class=\"wp-block-separator has-alpha-channel-opacity\"\/>\n\n\n\n<p class=\"has-text-align-right\">Atualizado em 13\/11\/25<\/p>\n","protected":false},"excerpt":{"rendered":"<p>(Res. N\u00b0 92\/13 \u2013 CEPE e IN N\u00b0 01\/14 \u2013 PROGRAD). A solicita\u00e7\u00e3o de equival\u00eancia [&hellip;]<\/p>\n","protected":false},"author":2796,"featured_media":0,"parent":0,"menu_order":0,"comment_status":"closed","ping_status":"closed","template":"","meta":{"ngg_post_thumbnail":0,"footnotes":""},"class_list":["post-793","page","type-page","status-publish","hentry"],"_links":{"self":[{"href":"https:\/\/toledo.ufpr.br\/enfermagemtoledo\/wp-json\/wp\/v2\/pages\/793","targetHints":{"allow":["GET"]}}],"collection":[{"href":"https:\/\/toledo.ufpr.br\/enfermagemtoledo\/wp-json\/wp\/v2\/pages"}],"about":[{"href":"https:\/\/toledo.ufpr.br\/enfermagemtoledo\/wp-json\/wp\/v2\/types\/page"}],"author":[{"embeddable":true,"href":"https:\/\/toledo.ufpr.br\/enfermagemtoledo\/wp-json\/wp\/v2\/users\/2796"}],"replies":[{"embeddable":true,"href":"https:\/\/toledo.ufpr.br\/enfermagemtoledo\/wp-json\/wp\/v2\/comments?post=793"}],"version-history":[{"count":2,"href":"https:\/\/toledo.ufpr.br\/enfermagemtoledo\/wp-json\/wp\/v2\/pages\/793\/revisions"}],"predecessor-version":[{"id":798,"href":"https:\/\/toledo.ufpr.br\/enfermagemtoledo\/wp-json\/wp\/v2\/pages\/793\/revisions\/798"}],"wp:attachment":[{"href":"https:\/\/toledo.ufpr.br\/enfermagemtoledo\/wp-json\/wp\/v2\/media?parent=793"}],"curies":[{"name":"wp","href":"https:\/\/api.w.org\/{rel}","templated":true}]}}