{"id":344,"date":"2025-11-12T10:43:01","date_gmt":"2025-11-12T13:43:01","guid":{"rendered":"https:\/\/toledo.ufpr.br\/enfermagemtoledo\/?page_id=344"},"modified":"2026-02-10T14:50:07","modified_gmt":"2026-02-10T17:50:07","slug":"secretaria-academica","status":"publish","type":"page","link":"https:\/\/toledo.ufpr.br\/enfermagemtoledo\/secretaria-academica\/","title":{"rendered":"Secretaria Acad\u00eamica"},"content":{"rendered":"\n<h3 class=\"wp-block-heading\">\ud83d\udce2 <strong>CANAIS OFICIAIS DE COMUNICA\u00c7\u00c3O<\/strong><\/h3>\n\n\n\n<figure class=\"wp-block-table\"><table class=\"has-fixed-layout\"><thead><tr><th>\ud83d\udd39 <strong>Setor<\/strong><\/th><th>\ud83c\udf93 <strong>Ciclo Educacional (1\u00ba ao 8\u00ba Per\u00edodo)<\/strong><\/th><th>\ud83c\udfe5 <strong>Internato (9\u00ba ao 12\u00ba Per\u00edodo)<\/strong><\/th><\/tr><\/thead><tbody><tr><td>\ud83d\udce7 <strong>E-mail<\/strong><\/td><td><a href=\"mailto:secretariaacademicatl@ufpr.br\" target=\"_blank\" rel=\"noreferrer noopener\">secretariaacademicatl@ufpr.br<\/a><\/td><td><a href=\"mailto:internatotoledo@ufpr.br\" target=\"_blank\" rel=\"noreferrer noopener\">internatotoledo@ufpr.br<\/a><\/td><\/tr><tr><td>\ud83d\udd52 <strong>Hor\u00e1rio de Atendimento<\/strong><\/td><td>Dias \u00fateis: 08h \u00e0s 12h &#8211;13h \u00e0s 17h<\/td><td>Dias \u00fateis: 08h \u00e0s 14h<\/td><\/tr><tr><td>\ud83d\udcac <strong>Microsoft Teams<\/strong><\/td><td><a href=\"mailto:secretariaacademicatl@ufpr.br\" target=\"_blank\" rel=\"noreferrer noopener\">secretariaacademicatl@ufpr.br<\/a><\/td><td><a href=\"mailto:internatotoledo@ufpr.br\" target=\"_blank\" rel=\"noreferrer noopener\">internatotoledo@ufpr.br<\/a><\/td><\/tr><\/tbody><\/table><\/figure>\n\n\n\n<hr class=\"wp-block-separator has-alpha-channel-opacity\"\/>\n\n\n\n<h4 class=\"wp-block-heading\">Contato da Coordena\u00e7\u00e3o do Curso de Enfermagem: <a href=\"mailto:enfermagemtoledo@ufpr.br\" target=\"_blank\" rel=\"noreferrer noopener\">enfermagemtoledo@ufpr.br<\/a><\/h4>\n\n\n\n<hr class=\"wp-block-separator has-alpha-channel-opacity\"\/>\n\n\n\n<h3 class=\"wp-block-heading\">\ud83d\udce2 Comunicados e Procedimentos Acad\u00eamicos<\/h3>\n\n\n\n<h4 class=\"wp-block-heading\">\ud83d\udce7 E-mail institucional:<\/h4>\n\n\n\n<ul class=\"wp-block-list\">\n<li><strong>Obrigat\u00f3rio<\/strong> para todas as comunica\u00e7\u00f5es oficiais da UFPR.<br><em>(Conforme Instru\u00e7\u00e3o Normativa n\u00ba 01\/2023 \u2013 CIGD)<\/em><\/li>\n\n\n\n<li><strong>Como criar:<\/strong><br>Acesse: <a href=\"https:\/\/sistemas.ufpr.br\/\" target=\"_blank\" rel=\"noreferrer noopener\">https:\/\/sistemas.ufpr.br<\/a> \u2192 Clique em <strong>\u201cSolicitar E-mail\u201d<\/strong> e siga as instru\u00e7\u00f5es.<\/li>\n<\/ul>\n\n\n\n<hr class=\"wp-block-separator has-alpha-channel-opacity\"\/>\n\n\n\n<h4 class=\"wp-block-heading\">\ud83d\udda5\ufe0f Acesso ao SIGA:<\/h4>\n\n\n\n<ul class=\"wp-block-list\">\n<li><strong>Primeiro acesso:<\/strong><br>Acesse: <a href=\"https:\/\/sistemas.ufpr.br\" target=\"_blank\" rel=\"noreferrer noopener\">https:\/\/siga.ufpr.br<\/a> \u2192 Clique em <strong>\u201cSolicitar e-mail @ufpr\u201d<\/strong>.<\/li>\n\n\n\n<li><strong>Tutoriais do SIGA:<\/strong><br>Dispon\u00edveis em: <a href=\"https:\/\/ufpraberta.ufpr.br\/course\/view.php?id=9\" target=\"_blank\" rel=\"noreferrer noopener\">Conhe\u00e7a o SIGA \u2013 Bloco 01 \u2013 Alunos e Alunas<\/a><\/li>\n\n\n\n<li><strong>Documentos acad\u00eamicos no SIGA:<\/strong>\n<ul class=\"wp-block-list\">\n<li>Hist\u00f3rico escolar<\/li>\n\n\n\n<li>Declara\u00e7\u00e3o e comprovante de matr\u00edcula<br><em>Acesse pelo mesmo link dos tutoriais acima.<\/em><\/li>\n<\/ul>\n<\/li>\n<\/ul>\n\n\n\n<hr class=\"wp-block-separator has-alpha-channel-opacity\"\/>\n\n\n\n<h4 class=\"wp-block-heading\">\ud83d\udcc4 Atestado m\u00e9dico para faltas em avalia\u00e7\u00f5es:<\/h4>\n\n\n\n<ul class=\"wp-block-list\">\n<li>Enviar em <strong>formato PDF<\/strong> para:<br>\u2709\ufe0f <a href=\"mailto:secretariaacademicatl@ufpr.br\" target=\"_blank\" rel=\"noreferrer noopener\">secretariaacademicatl@ufpr.br<\/a><\/li>\n\n\n\n<li><strong>N\u00e3o s\u00e3o aceitas imagens ou fotos.<\/strong><\/li>\n\n\n\n<li>Consulte o prazo e os procedimentos para <a href=\"https:\/\/toledo.ufpr.br\/enfermagemtoledo\/segunda-chamada\/\" target=\"_blank\" rel=\"noreferrer noopener\"><strong>segunda chamada<\/strong><\/a> no site oficial do curso.<\/li>\n<\/ul>\n\n\n\n<hr class=\"wp-block-separator has-alpha-channel-opacity\"\/>\n\n\n\n<h4 class=\"wp-block-heading\">\ud83d\udcdd Requerimentos e equival\u00eancia de disciplinas:<\/h4>\n\n\n\n<ul class=\"wp-block-list\">\n<li><strong>Requerimentos acad\u00eamicos:<\/strong><br><a href=\"https:\/\/toledo.ufpr.br\/enfermagemtoledo\/solicitacoes-academicas\/\" target=\"_blank\" rel=\"noreferrer noopener\">Solicita\u00e7\u00f5es Acad\u00eamicas \u2013 Enfermagem Toledo<\/a><\/li>\n\n\n\n<li><strong>Equival\u00eancia de disciplinas:<\/strong><br><a href=\"https:\/\/toledo.ufpr.br\/enfermagemtoledo\/equivalencia-de-disciplinas\/\" target=\"_blank\" rel=\"noreferrer noopener\">Equival\u00eancia de Disciplinas \u2013 Enfermagem Toledo<\/a><\/li>\n<\/ul>\n\n\n\n<hr class=\"wp-block-separator has-alpha-channel-opacity\"\/>\n\n\n\n<h4 class=\"wp-block-heading\">\u2139\ufe0f Outras informa\u00e7\u00f5es:<\/h4>\n\n\n\n<h4 class=\"wp-block-heading\">\ud83c\udf93 Carteirinha do estudante.<\/h4>\n\n\n\n<ul class=\"wp-block-list\">\n<li>Verificar diretamente com o <strong>Centro Acad\u00eamico do curso<\/strong>.<\/li>\n<\/ul>\n\n\n\n<h4 class=\"wp-block-heading\">\ud83d\ude8c Transporte p\u00fablico.<\/h4>\n\n\n\n<ul class=\"wp-block-list\">\n<li>Apresente a <strong>declara\u00e7\u00e3o de matr\u00edcula<\/strong> na empresa de transporte p\u00fablico para solicita\u00e7\u00e3o de benef\u00edcios.<\/li>\n<\/ul>\n\n\n\n<h4 class=\"wp-block-heading\">\ud83c\udd95 Turmas novas.<\/h4>\n\n\n\n<ul class=\"wp-block-list\">\n<li>Enviar o <strong>e-mail institucional da turma<\/strong> na primeira semana de aula para:<br>\u2709\ufe0f <a href=\"mailto:secretariaacademicatl@ufpr.br\">secretariaacademicatl@ufpr.br<\/a><\/li>\n<\/ul>\n\n\n\n<h4 class=\"wp-block-heading\">\ud83c\udf89 Formaturas.<\/h4>\n\n\n\n<ul class=\"wp-block-list\">\n<li>Antes de contratar empresas, consulte as <strong>normas da UFPR<\/strong> no site do cerimonial:<br><a href=\"https:\/\/cerimonial.ufpr.br\/\" target=\"_blank\" rel=\"noreferrer noopener\">https:\/\/cerimonial.ufpr.br<\/a><\/li>\n<\/ul>\n\n\n\n<hr class=\"wp-block-separator has-alpha-channel-opacity\"\/>\n\n\n\n<p>\ud83d\udd17 <strong>Mais informa\u00e7\u00f5es e atualiza\u00e7\u00f5es do curso:<\/strong><br><a href=\"https:\/\/toledo.ufpr.br\/enfermagemtoledo\">https:\/\/toledo.ufpr.br\/enfermagemtoledo<\/a><\/p>\n\n\n\n<hr class=\"wp-block-separator has-alpha-channel-opacity\"\/>\n\n\n\n<p class=\"has-text-align-right\">Atualizado em 12\/11\/25<\/p>\n","protected":false},"excerpt":{"rendered":"<p>\ud83d\udce2 CANAIS OFICIAIS DE COMUNICA\u00c7\u00c3O \ud83d\udd39 Setor \ud83c\udf93 Ciclo Educacional (1\u00ba ao 8\u00ba Per\u00edodo) \ud83c\udfe5 [&hellip;]<\/p>\n","protected":false},"author":2796,"featured_media":0,"parent":0,"menu_order":0,"comment_status":"closed","ping_status":"closed","template":"","meta":{"ngg_post_thumbnail":0,"footnotes":""},"class_list":["post-344","page","type-page","status-publish","hentry"],"_links":{"self":[{"href":"https:\/\/toledo.ufpr.br\/enfermagemtoledo\/wp-json\/wp\/v2\/pages\/344","targetHints":{"allow":["GET"]}}],"collection":[{"href":"https:\/\/toledo.ufpr.br\/enfermagemtoledo\/wp-json\/wp\/v2\/pages"}],"about":[{"href":"https:\/\/toledo.ufpr.br\/enfermagemtoledo\/wp-json\/wp\/v2\/types\/page"}],"author":[{"embeddable":true,"href":"https:\/\/toledo.ufpr.br\/enfermagemtoledo\/wp-json\/wp\/v2\/users\/2796"}],"replies":[{"embeddable":true,"href":"https:\/\/toledo.ufpr.br\/enfermagemtoledo\/wp-json\/wp\/v2\/comments?post=344"}],"version-history":[{"count":6,"href":"https:\/\/toledo.ufpr.br\/enfermagemtoledo\/wp-json\/wp\/v2\/pages\/344\/revisions"}],"predecessor-version":[{"id":972,"href":"https:\/\/toledo.ufpr.br\/enfermagemtoledo\/wp-json\/wp\/v2\/pages\/344\/revisions\/972"}],"wp:attachment":[{"href":"https:\/\/toledo.ufpr.br\/enfermagemtoledo\/wp-json\/wp\/v2\/media?parent=344"}],"curies":[{"name":"wp","href":"https:\/\/api.w.org\/{rel}","templated":true}]}}