{"id":196,"date":"2025-11-12T09:32:42","date_gmt":"2025-11-12T12:32:42","guid":{"rendered":"https:\/\/toledo.ufpr.br\/enfermagemtoledo\/?page_id=196"},"modified":"2025-11-14T10:03:13","modified_gmt":"2025-11-14T13:03:13","slug":"coordenacao-de-curso","status":"publish","type":"page","link":"https:\/\/toledo.ufpr.br\/enfermagemtoledo\/coordenacao-de-curso\/","title":{"rendered":"Coordena\u00e7\u00e3o de Curso de Enfermagem"},"content":{"rendered":"\n<p><strong>Coordenador<\/strong>: Professora J\u00e9ssica Cristina Ruths (<a href=\"https:\/\/toledo.ufpr.br\/enfermagemtoledo\/wp-content\/uploads\/sites\/5\/2025\/11\/Portaria_61_2025-1.pdf\" data-type=\"link\" data-id=\"https:\/\/toledo.ufpr.br\/wp-content\/uploads\/2025\/11\/Portaria_61_2025.pdf\" target=\"_blank\" rel=\"noreferrer noopener\">Portaria UFPR N\u00ba 61\/2025<\/a>)<\/p>\n\n\n\n<p><strong>Vice-Coordenador<\/strong>: Professor Diego Alexandre Rozendo da Silva (<a href=\"https:\/\/toledo.ufpr.br\/enfermagemtoledo\/wp-content\/uploads\/sites\/5\/2025\/11\/Portaria_61_2025-1.pdf\" data-type=\"link\" data-id=\"https:\/\/toledo.ufpr.br\/wp-content\/uploads\/2025\/11\/Portaria_61_2025.pdf\" target=\"_blank\" rel=\"noreferrer noopener\">Portaria UFPR N\u00ba 61\/2025<\/a>)<\/p>\n\n\n\n<p><strong>Secret\u00e1ria<\/strong>: Claudia Albertina Kerber<\/p>\n\n\n\n<p><strong>E-mail:<\/strong>&nbsp;<a href=\"mailto:enfermagemtoledo@ufpr.br\"><u>enfermagemtoledo@ufpr.br<\/u><\/a>&nbsp;<\/p>\n\n\n\n<p><strong>Hor\u00e1rio de funcionamento:<\/strong>&nbsp;de segunda a sexta-feira, das 8h \u00e0s 12h e das 13h \u00e0s 17h.<\/p>\n\n\n\n<p><strong><a href=\"https:\/\/toledo.ufpr.br\/enfermagemtoledo\/wp-content\/uploads\/sites\/5\/2025\/11\/Plano-de-Acao-Coordenacao-2026-28-1.pdf\" data-type=\"link\" data-id=\"https:\/\/toledo.ufpr.br\/wp-content\/uploads\/2025\/11\/Plano-de-Acao-Coordenacao-2026-28.pdf\" target=\"_blank\" rel=\"noreferrer noopener\">Plano de A\u00e7\u00e3o Coordena\u00e7\u00e3o 2026-2028<\/a><\/strong><\/p>\n\n\n\n<p><\/p>\n\n\n\n<hr class=\"wp-block-separator has-alpha-channel-opacity\"\/>\n\n\n\n<p class=\"has-text-align-right\">Atualizado em 12\/11\/25<\/p>\n","protected":false},"excerpt":{"rendered":"<p>Coordenador: Professora J\u00e9ssica Cristina Ruths (Portaria UFPR N\u00ba 61\/2025) Vice-Coordenador: Professor Diego Alexandre Rozendo da [&hellip;]<\/p>\n","protected":false},"author":2796,"featured_media":0,"parent":0,"menu_order":0,"comment_status":"closed","ping_status":"closed","template":"","meta":{"ngg_post_thumbnail":0,"footnotes":""},"class_list":["post-196","page","type-page","status-publish","hentry"],"_links":{"self":[{"href":"https:\/\/toledo.ufpr.br\/enfermagemtoledo\/wp-json\/wp\/v2\/pages\/196","targetHints":{"allow":["GET"]}}],"collection":[{"href":"https:\/\/toledo.ufpr.br\/enfermagemtoledo\/wp-json\/wp\/v2\/pages"}],"about":[{"href":"https:\/\/toledo.ufpr.br\/enfermagemtoledo\/wp-json\/wp\/v2\/types\/page"}],"author":[{"embeddable":true,"href":"https:\/\/toledo.ufpr.br\/enfermagemtoledo\/wp-json\/wp\/v2\/users\/2796"}],"replies":[{"embeddable":true,"href":"https:\/\/toledo.ufpr.br\/enfermagemtoledo\/wp-json\/wp\/v2\/comments?post=196"}],"version-history":[{"count":5,"href":"https:\/\/toledo.ufpr.br\/enfermagemtoledo\/wp-json\/wp\/v2\/pages\/196\/revisions"}],"predecessor-version":[{"id":875,"href":"https:\/\/toledo.ufpr.br\/enfermagemtoledo\/wp-json\/wp\/v2\/pages\/196\/revisions\/875"}],"wp:attachment":[{"href":"https:\/\/toledo.ufpr.br\/enfermagemtoledo\/wp-json\/wp\/v2\/media?parent=196"}],"curies":[{"name":"wp","href":"https:\/\/api.w.org\/{rel}","templated":true}]}}

Coordenação de Curso de Enfermagem

<p><strong>Coordenador</strong>: Professora Jéssica Cristina Ruths (<a href="https://toledo.ufpr.br/enfermagemtoledo/wp-content/uploads/sites/5/2025/11/Portaria_61_2025-1.pdf" data-type="link" data-id="https://toledo.ufpr.br/wp-content/uploads/2025/11/Portaria_61_2025.pdf" target="_blank" rel="noreferrer noopener">Portaria UFPR Nº 61/2025</a>)</p>



<p><strong>Vice-Coordenador</strong>: Professor Diego Alexandre Rozendo da Silva (<a href="https://toledo.ufpr.br/enfermagemtoledo/wp-content/uploads/sites/5/2025/11/Portaria_61_2025-1.pdf" data-type="link" data-id="https://toledo.ufpr.br/wp-content/uploads/2025/11/Portaria_61_2025.pdf" target="_blank" rel="noreferrer noopener">Portaria UFPR Nº 61/2025</a>)</p>



<p><strong>Secretária</strong>: Claudia Albertina Kerber</p>



<p><strong>E-mail:</strong>&nbsp;<a href="mailto:enfermagemtoledo@ufpr.br"><u>enfermagemtoledo@ufpr.br</u></a>&nbsp;</p>



<p><strong>Horário de funcionamento:</strong>&nbsp;de segunda a sexta-feira, das 8h às 12h e das 13h às 17h.</p>



<p><strong><a href="https://toledo.ufpr.br/enfermagemtoledo/wp-content/uploads/sites/5/2025/11/Plano-de-Acao-Coordenacao-2026-28-1.pdf" data-type="link" data-id="https://toledo.ufpr.br/wp-content/uploads/2025/11/Plano-de-Acao-Coordenacao-2026-28.pdf" target="_blank" rel="noreferrer noopener">Plano de Ação Coordenação 2026-2028</a></strong></p>



<p></p>



<hr class="wp-block-separator has-alpha-channel-opacity"/>



<p class="has-text-align-right">Atualizado em 12/11/25</p>

<p>Coordenador: Professora Jéssica Cristina Ruths (Portaria UFPR Nº 61/2025) Vice-Coordenador: Professor Diego Alexandre Rozendo da [&hellip;]</p>
