{"id":43,"date":"2025-06-18T15:24:04","date_gmt":"2025-06-18T18:24:04","guid":{"rendered":"https:\/\/toledo.ufpr.br\/bioteriotoledo\/?page_id=43"},"modified":"2026-01-29T14:33:50","modified_gmt":"2026-01-29T17:33:50","slug":"formularios-e-documentos","status":"publish","type":"page","link":"https:\/\/toledo.ufpr.br\/bioteriotoledo\/formularios-e-documentos\/","title":{"rendered":"Formul\u00e1rios e Documentos"},"content":{"rendered":"<div class=\"wp-block-image\">\n<figure class=\"alignright size-full is-resized\"><img loading=\"lazy\" decoding=\"async\" width=\"441\" height=\"441\" src=\"https:\/\/toledo.ufpr.br\/bioteriotoledo\/wp-content\/uploads\/sites\/4\/2026\/01\/image.png\" alt=\"\" class=\"wp-image-176\" style=\"width:277px;height:auto\" srcset=\"https:\/\/toledo.ufpr.br\/bioteriotoledo\/wp-content\/uploads\/sites\/4\/2026\/01\/image.png 441w, https:\/\/toledo.ufpr.br\/bioteriotoledo\/wp-content\/uploads\/sites\/4\/2026\/01\/image-300x300.png 300w, https:\/\/toledo.ufpr.br\/bioteriotoledo\/wp-content\/uploads\/sites\/4\/2026\/01\/image-150x150.png 150w\" sizes=\"auto, (max-width: 441px) 100vw, 441px\" \/><\/figure>\n<\/div>\n\n\n<div class=\"wp-block-group is-nowrap is-layout-flex wp-container-core-group-is-layout-ad2f72ca wp-block-group-is-layout-flex\">\n<ul class=\"wp-block-list\">\n<li>\ud83d\udcdd<strong>SOLICITA\u00c7\u00c3O DO USO DE ANIMAIS<\/strong>\n<ul class=\"wp-block-list\">\n<li>\u2139\ufe0f A requisi\u00e7\u00e3o de animais deve ser feita exclusivamente por meio do preenchimento on-line do <a href=\"https:\/\/forms.office.com\/r\/hjfSA2Ak1C\" data-type=\"link\" data-id=\"https:\/\/forms.office.com\/r\/hjfSA2Ak1C\" target=\"_blank\" rel=\"noreferrer noopener\">FORMUL\u00c1RIO DE REQUERIMENTO DE ANIMAIS<\/a>.<br><\/li>\n\n\n\n<li>\ud83d\udee0\ufe0f Requisitos Obrigat\u00f3rios:\n<ul class=\"wp-block-list\">\n<li>\ud83d\udcc4 <strong>Protocolo CEUA:<\/strong> \u00c9 indispens\u00e1vel a apresenta\u00e7\u00e3o do certificado de aprova\u00e7\u00e3o emitido pela Comiss\u00e3o de \u00c9tica no Uso de Animais (CEUA). Solicita\u00e7\u00f5es sem o protocolo aprovado n\u00e3o ser\u00e3o processadas.<\/li>\n\n\n\n<li>\ud83d\udcc4 <strong>Preenchimento Integral: <\/strong>Todos os campos do formul\u00e1rio devem ser devidamente preenchidos para que a solicita\u00e7\u00e3o seja v\u00e1lida.<\/li>\n\n\n\n<li>\ud83d\udcc4 <strong>Anteced\u00eancia M\u00ednima:<\/strong> Os animais devem ser solicitados com, no m\u00ednimo, 90 dias de anteced\u00eancia da data desejada. Solicita\u00e7\u00f5es fora deste prazo estar\u00e3o sujeitas \u00e0 impossibilidade de atendimento.<\/li>\n<\/ul>\n<\/li>\n\n\n\n<li>\u23f3 <strong>O ATENDIMENTO DO REQUERIMENTO EST\u00c1 SUJEITO \u00c0 AN\u00c1LISE DO RESPONS\u00c1VEL T\u00c9CNICO, BEM COMO \u00c0 DISPONIBILIDADE DE CAIXAS E INSUMOS PARA O PER\u00cdODO SOLICITADO.<\/strong><\/li>\n<\/ul>\n<\/li>\n\n\n\n<li><\/li>\n<\/ul>\n<\/div>\n","protected":false},"excerpt":{"rendered":"","protected":false},"author":2796,"featured_media":0,"parent":0,"menu_order":0,"comment_status":"closed","ping_status":"closed","template":"","meta":{"ngg_post_thumbnail":0,"footnotes":""},"class_list":["post-43","page","type-page","status-publish","hentry"],"_links":{"self":[{"href":"https:\/\/toledo.ufpr.br\/bioteriotoledo\/wp-json\/wp\/v2\/pages\/43","targetHints":{"allow":["GET"]}}],"collection":[{"href":"https:\/\/toledo.ufpr.br\/bioteriotoledo\/wp-json\/wp\/v2\/pages"}],"about":[{"href":"https:\/\/toledo.ufpr.br\/bioteriotoledo\/wp-json\/wp\/v2\/types\/page"}],"author":[{"embeddable":true,"href":"https:\/\/toledo.ufpr.br\/bioteriotoledo\/wp-json\/wp\/v2\/users\/2796"}],"replies":[{"embeddable":true,"href":"https:\/\/toledo.ufpr.br\/bioteriotoledo\/wp-json\/wp\/v2\/comments?post=43"}],"version-history":[{"count":14,"href":"https:\/\/toledo.ufpr.br\/bioteriotoledo\/wp-json\/wp\/v2\/pages\/43\/revisions"}],"predecessor-version":[{"id":180,"href":"https:\/\/toledo.ufpr.br\/bioteriotoledo\/wp-json\/wp\/v2\/pages\/43\/revisions\/180"}],"wp:attachment":[{"href":"https:\/\/toledo.ufpr.br\/bioteriotoledo\/wp-json\/wp\/v2\/media?parent=43"}],"curies":[{"name":"wp","href":"https:\/\/api.w.org\/{rel}","templated":true}]}}